COPY document_type (id_document_type, name, current) FROM stdin;
CC	Cédula de Ciudadanía                              	2015-04-08
CE	cedula extranjeria                                	2015-04-08
TI	Tarjeta de identidad                              	2015-05-11
RC	Registro Civil                                    	2015-05-11
MS	Menor sin identificar                             	2015-09-22
PA	Pasaporte                                         	2015-09-17
AS	AS                                                	2015-08-11
NU	NU                                                	2015-08-11
NO	NO                                                	2015-08-11
NIT	NIT                                               	2016-05-23
\.

COPY department (department_code, department_name, current) FROM stdin;
SM	AMÉRICA DEL SUR	2016-05-02 12:37:48
05	ANTIOQUIA	2016-05-02 12:37:48
08	ATLANTICO	2016-05-02 12:37:48
11	BOGOTA	2016-05-02 12:37:48
13	BOLIVAR	2016-05-02 12:37:48
15	BOYACA	2016-05-02 12:37:48
17	CALDAS	2016-05-02 12:37:48
18	CAQUETA	2016-05-02 12:37:48
19	CAUCA	2016-05-02 12:37:48
20	CESAR	2016-05-02 12:37:48
23	CORDOBA	2016-05-02 12:37:48
27	CHOCO	2016-05-02 12:38:05
41	HUILA	2016-05-02 12:38:05
44	GUAJIRA	2016-05-02 12:38:05
47	MAGDALENA	2016-05-02 12:38:05
50	META	2016-05-02 12:38:05
52	NARINO	2016-05-02 12:38:05
54	NORTE DE SANTANDER	2016-05-02 12:38:05
63	QUINDIO	2016-05-02 12:38:05
66	RISARALDA	2016-05-02 12:38:05
68	SANTANDER	2016-05-02 12:38:05
70	SUCRE	2016-05-02 12:38:05
73	TOLIMA	2016-05-02 12:38:05
76	VALLE	2016-05-02 12:38:05
81	ARAUCA	2016-05-02 12:38:05
85	CASANARE	2016-05-02 12:38:05
86	PUTUMAYO	2016-05-02 12:38:05
88	SAN ANDRES	2016-05-02 12:38:05
91	AMAZONAS	2016-05-02 12:38:05
94	GUAINIA	2016-05-02 12:38:05
95	GUAVIARE	2016-05-02 12:38:05
97	VAUPES	2016-05-02 12:38:05
99	VICHADA	2016-05-02 12:38:06
CA	CENTROAMERICA	2016-05-02 12:38:06
NA	NORTEAMÉRICA	2016-05-02 12:38:06
EU	EUROPA	2016-05-02 12:38:06
AS	ASIA	2016-05-02 12:38:06
AF	AFRICA	2016-05-02 12:38:06
OC	OCEANÍA	2016-05-02 12:38:06
CR	CARIBE	2016-05-02 12:38:06
0	N/A	2016-02-22 12:15:00
25	CUNDINAMARCA	2016-05-02 12:37:48
\.


--
-- Data for Name: municipality; Type: TABLE DATA; Schema: public; Owner: postgres
--

COPY municipality (municipality_code, municipality_name, department_code, current) FROM stdin;
946	El Peñón	25	2014-06-13 11:45:39
966	El Rosal	25	2014-06-13 11:45:39
992	San Antonio del Tequendama	25	2014-06-13 11:45:39
1067	Agrado	41	2014-06-13 11:45:39
3	Dibulla	44	2014-06-13 11:45:39
4	Distracción	44	2014-06-13 11:45:39
5	El Molino	44	2014-06-13 11:45:39
7	Hatonuevo	44	2014-06-13 11:45:39
8	La Jagua del Pilar	44	2014-06-13 11:45:39
39	Algarrobo	47	2014-06-13 11:45:39
48	El Retén	47	2014-06-13 11:45:39
50	Guamal	47	2014-06-13 11:45:39
51	Nueva Granada	47	2014-06-13 11:45:39
53	Pijiño del Carmen	47	2014-06-13 11:45:39
58	Sabanas de San Angel	47	2014-06-13 11:45:39
63	Santa Bárbara de Pinto	47	2014-06-13 11:45:39
67	Zapayán	47	2014-06-13 11:45:39
68	Zona Bananera	47	2014-06-13 11:45:39
89	Pueblo Bello	20	2014-06-13 11:45:39
101	Cotorra	23	2014-06-13 11:45:39
102	La Apartada	23	2014-06-13 11:45:39
118	San José de Uré	23	2014-06-13 11:45:39
120	Santa Cruz de Lorica	23	2014-06-13 11:45:39
122	Tuchín	23	2014-06-13 11:45:39
124	Guaranda	70	2014-06-13 11:45:39
131	Sincelejo	70	2014-06-13 11:45:39
132	Coveñas	70	2014-06-13 11:45:39
139	El Roble	70	2014-06-13 11:45:39
150	Arenal	13	2014-06-13 11:45:39
152	Arroyohondo	13	2014-06-13 11:45:39
154	Brazuelo de Papapyal	13	2014-06-13 11:45:39
156	Cantagallo	13	2014-06-13 11:45:39
159	Cicuco	13	2014-06-13 11:45:39
160	Clemencia	13	2014-06-13 11:45:39
164	Hatillo de Loba	13	2014-06-13 11:45:39
169	Montecristo	13	2014-06-13 11:45:39
171	Norosi	13	2014-06-13 11:45:39
173	Regidor	13	2014-06-13 11:45:39
175	San Cristobal	13	2014-06-13 11:45:39
179	San Jacinoto del Cauca	13	2014-06-13 11:45:39
184	Santa Cruz de Mompox	13	2014-06-13 11:45:39
190	Tiquisio	13	2014-06-13 11:45:39
208	La Esperanza	54	2014-06-13 11:45:39
215	El Tarra	54	2014-06-13 11:45:39
229	Santo Domingo de Silios	54	2014-06-13 11:45:39
246	Atrato	27	2014-06-13 11:45:39
251	Canton de San Pablo	27	2014-06-13 11:45:39
253	Certegui	27	2014-06-13 11:45:39
255	El Carmen del Darien	27	2014-06-13 11:45:39
258	Litoral de San Juan	27	2014-06-13 11:45:39
260	Medio Atrato	27	2014-06-13 11:45:39
404	Antioquia	05	2014-06-13 11:45:39
1041	López de Micay	19	2014-06-13 11:45:39
1176	San José de Albán	52	2014-06-13 11:45:39
1177	San Juan de Pasto	52	2014-06-13 11:45:39
1242	Isla de Santa Catalina	88	2014-06-13 11:45:39
05002	Abejorral	05	2016-02-23 10:00:00
05004	Abriaqui	05	2016-02-23 10:00:00
27006	Acandi	27	2016-02-23 10:00:00
05021	Alejandria	05	2016-02-23 10:00:00
05030	Amaga	05	2016-02-23 10:00:00
05031	Amalfi	05	2016-02-23 10:00:00
05034	Andes	05	2016-02-23 10:00:00
05036	Angelopolis	05	2016-02-23 10:00:00
05040	Anori	05	2016-02-23 10:00:00
05044	Anza	05	2016-02-23 10:00:00
05045	Apartado	05	2016-02-23 10:00:00
05055	Argelia	05	2016-02-23 10:00:00
23068	Ayapel	23	2016-02-23 10:00:00
05079	Barbosa	05	2016-02-23 10:00:00
68081	Barrancabermeja	68	2016-02-23 10:00:00
08001	Barranquilla	08	2016-02-23 10:00:00
05088	Bello	05	2016-02-23 10:00:00
05086	Belmira	05	2016-02-23 10:00:00
05091	Betania	05	2016-02-23 10:00:00
05093	Betulia	05	2016-02-23 10:00:00
11001	BOGOTA D.C.	11	2016-02-23 10:00:00
27099	Bojaya	27	2016-02-23 10:00:00
68101	Bolivar	05	2016-02-23 10:00:00
05107	Briceño	05	2016-02-23 10:00:00
68001	Bucaramanga	68	2016-02-23 10:00:00
70110	Buenavista	70	2016-02-23 10:00:00
05120	Caceres	05	2016-02-23 10:00:00
05129	Caldas	05	2016-02-23 10:00:00
76001	Cali	76	2016-02-23 10:00:00
68132	California	68	2016-02-23 10:00:00
05134	Campamento	05	2016-02-23 10:00:00
05145	Caramanta	05	2016-02-23 10:00:00
05147	Carepa	05	2016-02-23 10:00:00
05148	Carmen de Viboral	05	2016-02-23 10:00:00
05150	Carolina del Principe	05	2016-02-23 10:00:00
13001	Cartagena de Indias	13	2016-02-23 10:00:00
05154	Caucasia	05	2016-02-23 10:00:00
23162	Cereté	23	2016-02-23 10:00:00
73168	Chaparral	73	2016-02-23 10:00:00
05172	Chigorodo	05	2016-02-23 10:00:00
23168	Chimá	23	2016-02-23 10:00:00
17174	Chinchina	17	2016-02-23 10:00:00
23182	Chinú	23	2016-02-23 10:00:00
05190	Cisneros	05	2016-02-23 10:00:00
05197	Cocorna	05	2016-02-23 10:00:00
47205	Concordia	05	2016-02-23 10:00:00
27205	Condoto	27	2016-02-23 10:00:00
05212	Copacabana	05	2016-02-23 10:00:00
70215	Corozal	70	2016-02-23 10:00:00
54001	Cucuta	54	2016-02-23 10:00:00
05234	Dabeiba	05	2016-02-23 10:00:00
66170	Desquebradas	66	2016-02-23 10:00:00
05237	Donmatias	05	2016-02-23 10:00:00
05240	Ebejico	05	2016-02-23 10:00:00
05250	El Bagre	05	2016-02-23 10:00:00
91263	El Encanto	91	2016-02-23 10:00:00
05541	El Peñol	05	2016-02-23 10:00:00
05607	El Retiro	05	2016-02-23 10:00:00
05697	El Santuario	05	2016-02-23 10:00:00
05264	Entrerrios	05	2016-02-23 10:00:00
05266	Envigado	05	2016-02-23 10:00:00
05282	Fredonia	05	2016-02-23 10:00:00
05308	Girardota	05	2016-02-23 10:00:00
05313	Granada	05	2016-02-23 10:00:00
05315	Guadalupe	05	2016-02-23 10:00:00
05318	Guarne	05	2016-02-23 10:00:00
66318	Guatica	66	2016-02-23 10:00:00
05347	Heliconia	05	2016-02-23 10:00:00
05353	Hispania	05	2016-02-23 10:00:00
73001	Ibagué	73	2016-02-23 10:00:00
88001	Isla de San Andres	88	2016-02-23 10:00:00
05360	Itagüi	05	2016-02-23 10:00:00
05364	Jardin	05	2016-02-23 10:00:00
15368	Jerico	05	2016-02-23 10:00:00
05376	La Ceja	05	2016-02-23 10:00:00
91405	La Chorrera	91	2016-02-23 10:00:00
17380	La Dorada	17	2016-02-23 10:00:00
95200	Miraflores	95	2016-02-23 10:00:00
95001	San José del Guaviare	95	2016-02-23 10:00:00
97161	Carurú	97	2016-02-23 10:00:00
97001	Mitú	97	2016-02-23 10:00:00
97511	Pacoa	97	2016-02-23 10:00:00
97777	Papunaua	97	2016-02-23 10:00:00
97666	Taraira	97	2016-02-23 10:00:00
97889	Yavaraté	97	2016-02-23 10:00:00
86001	Mocoa	86	2016-02-23 10:00:00
86571	Puerto Guzmán	86	2016-02-23 10:00:00
86760	Santiago	86	2016-02-23 10:00:00
86219	Colón	86	2016-02-23 10:00:00
86573	Puerto Leguízamo	86	2016-02-23 10:00:00
86865	Valle del Guamuez	86	2016-02-23 10:00:00
86320	Orito	86	2016-02-23 10:00:00
86749	Sibundoy	86	2016-02-23 10:00:00
86885	Villagarzón	86	2016-02-23 10:00:00
86568	Puerto Asís	86	2016-02-23 10:00:00
86755	San Francisco	86	2016-02-23 10:00:00
86569	Puerto Caycedo	86	2016-02-23 10:00:00
86757	San Miguel	86	2016-02-23 10:00:00
91460	Mirití-Paraná	91	2016-02-23 10:00:00
91530	Puerto Alegría	91	2016-02-23 10:00:00
91536	Puerto Arica	91	2016-02-23 10:00:00
91540	Puerto Nariño	91	2016-02-23 10:00:00
91669	Puerto Santander	91	2016-02-23 10:00:00
91798	Tarapacá	91	2016-02-23 10:00:00
88564	Isla de Providencia	88	2016-02-23 10:00:00
15204	Combita	15	2016-02-23 10:00:00
15224	Cucaita	15	2016-02-23 10:00:00
15187	Chivata	15	2016-02-23 10:00:00
15232	Chiquiza	15	2016-02-23 10:00:00
15476	Motavita	15	2016-02-23 10:00:00
15500	Oicata	15	2016-02-23 10:00:00
15646	Samaca	15	2016-02-23 10:00:00
15740	Siachoque	15	2016-02-23 10:00:00
15762	Sora	15	2016-02-23 10:00:00
15764	Soraca	15	2016-02-23 10:00:00
15763	Sotaquira	15	2016-02-23 10:00:00
15814	Toca	15	2016-02-23 10:00:00
15001	Tunja	15	2016-02-23 10:00:00
15837	Tuta	15	2016-02-23 10:00:00
15861	Ventaquemada	15	2016-02-23 10:00:00
15180	Chiscas	15	2016-02-23 10:00:00
15244	El Cocuy	15	2016-02-23 10:00:00
15248	El Espino	15	2016-02-23 10:00:00
15317	Guacamayas	15	2016-02-23 10:00:00
15332	Güican	15	2016-02-23 10:00:00
15522	Panqueba	15	2016-02-23 10:00:00
15377	Labranzagrande	15	2016-02-23 10:00:00
15518	Pajarito	15	2016-02-23 10:00:00
15533	Paya	15	2016-02-23 10:00:00
15550	Pisba	15	2016-02-23 10:00:00
15090	Berbeo	15	2016-02-23 10:00:00
15135	Campohermoso	15	2016-02-23 10:00:00
15455	Miraflores	15	2016-02-23 10:00:00
15514	Paez	15	2016-02-23 10:00:00
15660	San Eduardo	15	2016-02-23 10:00:00
15897	Zetaquira	15	2016-02-23 10:00:00
15104	Boyaca	15	2016-02-23 10:00:00
15189	Cienega	15	2016-02-23 10:00:00
15367	Jenesano	15	2016-02-23 10:00:00
15494	Nuevo Colon	15	2016-02-23 10:00:00
15599	Ramiriqui	15	2016-02-23 10:00:00
15621	Rondon	15	2016-02-23 10:00:00
15804	Tibana	15	2016-02-23 10:00:00
15835	Turmeque	15	2016-02-23 10:00:00
15842	Umbita	15	2016-02-23 10:00:00
15879	Viracacha	15	2016-02-23 10:00:00
15172	Chinavita	15	2016-02-23 10:00:00
15299	Garagoa	15	2016-02-23 10:00:00
15425	Macanal	15	2016-02-23 10:00:00
15511	Pachavita	15	2016-02-23 10:00:00
15667	San Luis de Gaceno	15	2016-02-23 10:00:00
15690	Santa Maria	15	2016-02-23 10:00:00
15097	Boavita	15	2016-02-23 10:00:00
15218	Covarachia	15	2016-02-23 10:00:00
15403	La  Uvita	15	2016-02-23 10:00:00
15673	San Mateo	15	2016-02-23 10:00:00
15720	Sativanorte	15	2016-02-23 10:00:00
15723	Sativasur	15	2016-02-23 10:00:00
15753	Soata	15	2016-02-23 10:00:00
15774	Susacon	15	2016-02-23 10:00:00
15810	Tipacoque	15	2016-02-23 10:00:00
15106	Briceño	15	2016-02-23 10:00:00
15109	Buenavista	15	2016-02-23 10:00:00
15131	Caldas	15	2016-02-23 10:00:00
15176	Chiquinquira	15	2016-02-23 10:00:00
15212	Coper	15	2016-02-23 10:00:00
15401	La Victoria	15	2016-02-23 10:00:00
15442	Maripi	15	2016-02-23 10:00:00
712	Quipama	15	2014-06-13 11:45:39
718	Chivor	15	2014-06-13 11:45:39
741	Gámeza	15	2014-06-13 11:45:39
759	Tutazá	15	2014-06-13 11:45:39
15572	Puerto Boyacá	15	2016-02-23 10:00:00
15480	Muzo	15	2016-02-23 10:00:00
15507	Otanche	15	2016-02-23 10:00:00
15531	Pauna	15	2016-02-23 10:00:00
15632	Saboya	15	2016-02-23 10:00:00
15676	San Miguel de Sema	15	2016-02-23 10:00:00
15681	San Pablo de Borbur	15	2016-02-23 10:00:00
15832	Tunungua	15	2016-02-23 10:00:00
15022	Almeida	15	2016-02-23 10:00:00
15322	Guateque	15	2016-02-23 10:00:00
15325	Guayata	15	2016-02-23 10:00:00
15380	La Capilla	15	2016-02-23 10:00:00
15761	Somondoco	15	2016-02-23 10:00:00
15778	Sutatenza	15	2016-02-23 10:00:00
15798	Tenza	15	2016-02-23 10:00:00
15051	Arcabuco	15	2016-02-23 10:00:00
15185	Chitaraque	15	2016-02-23 10:00:00
15293	Gachantiva	15	2016-02-23 10:00:00
15469	Moniquira	15	2016-02-23 10:00:00
15600	Raquira	15	2016-02-23 10:00:00
15638	Sachica	15	2016-02-23 10:00:00
15664	San Jose de Pare	15	2016-02-23 10:00:00
15696	Santa Sofia	15	2016-02-23 10:00:00
15686	Santana	15	2016-02-23 10:00:00
15776	Sutamarchan	15	2016-02-23 10:00:00
15808	Tinjaca	15	2016-02-23 10:00:00
15816	Togüi	15	2016-02-23 10:00:00
15407	Villa de Leyva	15	2016-02-23 10:00:00
15047	Aquitania	15	2016-02-23 10:00:00
15226	Cuitiva	15	2016-02-23 10:00:00
15272	Firavitoba	15	2016-02-23 10:00:00
15362	Iza	15	2016-02-23 10:00:00
15464	Mongua	15	2016-02-23 10:00:00
15466	Monguí	15	2016-02-23 10:00:00
15491	Nobsa	15	2016-02-23 10:00:00
15542	Pesca	15	2016-02-23 10:00:00
15759	Sogamoso	15	2016-02-23 10:00:00
15806	Tibasosa	15	2016-02-23 10:00:00
15820	Tópaga	15	2016-02-23 10:00:00
15822	Tota	15	2016-02-23 10:00:00
15087	Belén	15	2016-02-23 10:00:00
05380	La Etrella	05	2016-02-23 10:00:00
91407	La Pedrera	91	2016-02-23 10:00:00
91430	La Victoria	91	2016-02-23 10:00:00
66400	La Virginia	66	2016-02-23 10:00:00
91001	Leticia	91	2016-02-23 10:00:00
23419	Los Córdobas	23	2016-02-23 10:00:00
05425	Maceo	05	2016-02-23 10:00:00
13430	Magangue	13	2016-02-23 10:00:00
44430	Maicao	44	2016-02-23 10:00:00
17001	Manizales	17	2016-02-23 10:00:00
05440	Marinilla	05	2016-02-23 10:00:00
17444	Marquetalia	17	2016-02-23 10:00:00
23466	Montelíbano	23	2016-02-23 10:00:00
23001	Montería	23	2016-02-23 10:00:00
25483	Nariño	05	2016-02-23 10:00:00
05490	Necocli	05	2016-02-23 10:00:00
17513	Pacora	17	2016-02-23 10:00:00
17541	Pensilvania	17	2016-02-23 10:00:00
05543	Peque	05	2016-02-23 10:00:00
66001	Pereira	66	2016-02-23 10:00:00
68547	Piedecuesta	68	2016-02-23 10:00:00
23555	Planeta Rica	23	2016-02-23 10:00:00
47555	Plato	47	2016-02-23 10:00:00
23570	Pueblo Nuevo	23	2016-02-23 10:00:00
05579	Puerto Berrio	05	2016-02-23 10:00:00
05585	Puerto Nare	05	2016-02-23 10:00:00
27001	Quibdo	27	2016-02-23 10:00:00
05604	Remedios	05	2016-02-23 10:00:00
44001	Riohacha	44	2016-02-23 10:00:00
05615	Rionegro	05	2016-02-23 10:00:00
17614	Riosucio	17	2016-02-23 10:00:00
05628	Sabanalarga	05	2016-02-23 10:00:00
05631	Sabaneta	05	2016-02-23 10:00:00
23660	Sahagún	23	2016-02-23 10:00:00
47675	Salamina	17	2016-02-23 10:00:00
05642	Salgar	05	2016-02-23 10:00:00
05647	San Andres de Cuerquia	05	2016-02-23 10:00:00
05649	San Carlos	05	2016-02-23 10:00:00
05656	San Jeronimo	05	2016-02-23 10:00:00
05660	San Luis	05	2016-02-23 10:00:00
05665	San Pedro de Uraba	05	2016-02-23 10:00:00
05667	San Rafael	05	2016-02-23 10:00:00
68689	San Vicente	05	2016-02-23 10:00:00
05679	Santa Barbara	05	2016-02-23 10:00:00
47001	Santa Marta	47	2016-02-23 10:00:00
05686	Santa Rosa de Osos	05	2016-02-23 10:00:00
05736	Segovia	05	2016-02-23 10:00:00
05756	Sonson	05	2016-02-23 10:00:00
05789	Tamesis	05	2016-02-23 10:00:00
05790	Taraza	05	2016-02-23 10:00:00
05792	Tarso	05	2016-02-23 10:00:00
05809	Titiribi	05	2016-02-23 10:00:00
05837	Turbo	05	2016-02-23 10:00:00
05847	Urrao	05	2016-02-23 10:00:00
05854	Valdivia	05	2016-02-23 10:00:00
20001	Valledupar	20	2016-02-23 10:00:00
18860	Valparaiso	05	2016-02-23 10:00:00
05861	Venecia	05	2016-02-23 10:00:00
05887	Yarumal	05	2016-02-23 10:00:00
05890	Yolombo	05	2016-02-23 10:00:00
05001	Medellin	05	2016-02-23 10:00:00
44035	Albania	44	2016-02-23 10:00:00
44078	Barrancas	44	2016-02-23 10:00:00
44279	Fonseca	44	2016-02-23 10:00:00
44560	Manaure	44	2016-02-23 10:00:00
44650	San Juan del Cesar	44	2016-02-23 10:00:00
44847	Uribia	44	2016-02-23 10:00:00
44855	Urumita	44	2016-02-23 10:00:00
44874	Villanueva	44	2016-02-23 10:00:00
08078	Baranoa	08	2016-02-23 10:00:00
08137	Campo de la Cruz	08	2016-02-23 10:00:00
08141	Candelaria	08	2016-02-23 10:00:00
08296	Galapa	08	2016-02-23 10:00:00
08372	Juan de Acosta	08	2016-02-23 10:00:00
70708	San Marcos	70	2016-02-23 10:00:00
13052	Arjona	13	2016-02-23 10:00:00
13074	Barranco de Loba	13	2016-02-23 10:00:00
13140	Calamar	13	2016-02-23 10:00:00
13244	El Carmen de Bolivar	13	2016-02-23 10:00:00
13212	Cordoba	13	2016-02-23 10:00:00
13248	El Guamo	13	2016-02-23 10:00:00
25258	El Peñon	13	2016-02-23 10:00:00
13433	Mahates	13	2016-02-23 10:00:00
13440	Margarita	13	2016-02-23 10:00:00
13442	Maria la Baja	13	2016-02-23 10:00:00
13473	Morales	13	2016-02-23 10:00:00
13549	Pinillos	13	2016-02-23 10:00:00
68276	Floridablanca	68	2016-02-23 10:00:00
68307	Giron	68	2016-02-23 10:00:00
68406	Lebrija	68	2016-02-23 10:00:00
68418	Los Santos	68	2016-02-23 10:00:00
68615	Rionegro	68	2016-02-23 10:00:00
68705	Santa Barbara	68	2016-02-23 10:00:00
68190	Cimitarra	68	2016-02-23 10:00:00
68385	Landazuri	68	2016-02-23 10:00:00
68573	Puerto Parra	68	2016-02-23 10:00:00
68720	Santa Helena del Opon	68	2016-02-23 10:00:00
68176	Chima	68	2016-02-23 10:00:00
68209	Confines	68	2016-02-23 10:00:00
68211	Contratacion	68	2016-02-23 10:00:00
68245	El Guacamayo	68	2016-02-23 10:00:00
68320	Guadalupe	68	2016-02-23 10:00:00
68322	Guapota	68	2016-02-23 10:00:00
68296	Galan	68	2016-02-23 10:00:00
68298	Gambita	68	2016-02-23 10:00:00
68344	Hato	68	2016-02-23 10:00:00
68755	Socorro	68	2016-02-23 10:00:00
68500	Oiba	68	2016-02-23 10:00:00
68522	Palmar	68	2016-02-23 10:00:00
68524	Palmas del Socorro	68	2016-02-23 10:00:00
68745	Simacota	68	2016-02-23 10:00:00
68770	Suaita	68	2016-02-23 10:00:00
68147	Capitanejo	68	2016-02-23 10:00:00
68152	Carcasi	68	2016-02-23 10:00:00
68162	Cerrito	68	2016-02-23 10:00:00
68207	Concepcion	68	2016-02-23 10:00:00
68266	Enciso	68	2016-02-23 10:00:00
68318	Guaca	68	2016-02-23 10:00:00
68425	Macaravita	68	2016-02-23 10:00:00
68432	Malaga	68	2016-02-23 10:00:00
68468	Molagavita	68	2016-02-23 10:00:00
68669	San Andres	68	2016-02-23 10:00:00
68684	San Jose de Miranda	68	2016-02-23 10:00:00
68686	San Miguel	68	2016-02-23 10:00:00
68051	Aratoca	68	2016-02-23 10:00:00
68079	Barichara	68	2016-02-23 10:00:00
68121	Cabrera	68	2016-02-23 10:00:00
68167	Charala	68	2016-02-23 10:00:00
68160	Cepita	68	2016-02-23 10:00:00
68217	Coromoro	68	2016-02-23 10:00:00
68229	Curiti	68	2016-02-23 10:00:00
68264	Encino	68	2016-02-23 10:00:00
68370	Jordan	68	2016-02-23 10:00:00
68464	Mogotes	68	2016-02-23 10:00:00
68498	Ocamonte	68	2016-02-23 10:00:00
05310	Gomez Plata	05	2016-02-23 10:00:00
05361	Ituango	05	2016-02-23 10:00:00
05658	San Jose de la Montaña	05	2016-02-23 10:00:00
05819	Toledo	05	2016-02-23 10:00:00
63001	Armenia	05	2016-02-23 10:00:00
05113	Buritica	05	2016-02-23 10:00:00
05125	Caicedo	05	2016-02-23 10:00:00
05138	Cañasgordas	05	2016-02-23 10:00:00
05284	Frontino	05	2016-02-23 10:00:00
05306	Giraldo	05	2016-02-23 10:00:00
05411	Liborina	05	2016-02-23 10:00:00
05501	Olaya	05	2016-02-23 10:00:00
05761	Sopetran	05	2016-02-23 10:00:00
05842	Uramita	05	2016-02-23 10:00:00
68502	Onzaga	68	2016-02-23 10:00:00
68533	Paramo	68	2016-02-23 10:00:00
68549	Pinchote	68	2016-02-23 10:00:00
68679	San Gil	68	2016-02-23 10:00:00
68682	San Joaquin	68	2016-02-23 10:00:00
68855	Valle de San Jose	68	2016-02-23 10:00:00
68872	Villanueva	68	2016-02-23 10:00:00
68092	Betulia	68	2016-02-23 10:00:00
68575	Puerto Wilches	68	2016-02-23 10:00:00
68655	Sabana de Torres	68	2016-02-23 10:00:00
05674	San Vicente	68	2016-02-23 10:00:00
68895	Zapatoca	68	2016-02-23 10:00:00
63111	Buenavista	63	2016-02-23 10:00:00
63130	Calarcá	63	2016-02-23 10:00:00
63190	Circasia	63	2016-02-23 10:00:00
63212	Córdoba	63	2016-02-23 10:00:00
73411	Líbano	73	2016-02-23 10:00:00
18029	Albania	18	2016-02-23 10:00:00
18094	Belén de los Andaquies	18	2016-02-23 10:00:00
18247	El Doncello	18	2016-02-23 10:00:00
18256	El Paujil	18	2016-02-23 10:00:00
18001	Florencia	18	2016-02-23 10:00:00
18410	La Montañita	18	2016-02-23 10:00:00
18479	Morelia	18	2016-02-23 10:00:00
18765	Solano	18	2016-02-23 10:00:00
18767	Solita	18	2016-02-23 10:00:00
05856	Valparaíso	18	2016-02-23 10:00:00
52287	Funes	52	2016-02-23 10:00:00
15114	Busbanzá	15	2016-02-23 10:00:00
15162	Cerinza	15	2016-02-23 10:00:00
15215	Corrales	15	2016-02-23 10:00:00
15238	Duitama	15	2016-02-23 10:00:00
15276	Floresta	15	2016-02-23 10:00:00
15516	Paipa	15	2016-02-23 10:00:00
15693	Santa Rosa de Viterbo	15	2016-02-23 10:00:00
15092	Betéitiva	15	2016-02-23 10:00:00
15183	Chita	15	2016-02-23 10:00:00
05368	Jericó	15	2016-02-23 10:00:00
15537	Paz de Río	15	2016-02-23 10:00:00
15755	Socotá	15	2016-02-23 10:00:00
15757	Socha	15	2016-02-23 10:00:00
15790	Tasco	15	2016-02-23 10:00:00
15223	Cubará	15	2016-02-23 10:00:00
RUSIA	RUSIA	EU	2016-05-02 16:59:28
CROAC	CROACIA	EU	2016-05-02 16:59:28
POLAN	POLONIA	EU	2016-05-02 16:59:28
GREEC	GRECIA	EU	2016-05-02 16:59:28
REDOM	REPÚBLICA DOMINICANA	CR	2016-05-02 16:59:26
PURTO	PUERTO RICO	CR	2016-05-02 16:59:26
CURAZ	CURAZAO	CR	2016-05-02 16:59:26
USA	ESTADOS UNIDOS	NA	2016-05-02 16:59:26
CANAD	CANADA	NA	2016-05-02 16:59:27
SUECI	SUECIA	EU	2016-05-02 16:59:27
NORGE	NORUEGA	EU	2016-05-02 16:59:27
FINLA	FINLANDIA	EU	2016-05-02 16:59:27
DENMA	DINAMARCA	EU	2016-05-02 16:59:27
ESTON	ESTONIA	EU	2016-05-02 16:59:27
LETON	LETONIA	EU	2016-05-02 16:59:27
GBR	INGLATERRA	EU	2016-05-02 16:59:27
IRLAN	IRLANDA	EU	2016-05-02 16:59:27
IRLNO	IRLANDA DEL NORTE	EU	2016-05-02 16:59:27
PORTU	PORTUGAL	EU	2016-05-02 16:59:27
ESPAN	ESPAÑA	EU	2016-05-02 16:59:27
MONAC	MONACO	EU	2016-05-02 16:59:27
LUXEM	LUXEMBURGO	EU	2016-05-02 16:59:27
ANDOR	ANDORRA	EU	2016-05-02 16:59:27
HOLAN	HOLANDA	EU	2016-05-02 16:59:27
BELGI	BELGICA	EU	2016-05-02 16:59:27
LIECH	LIECHTENSTAIN	EU	2016-05-02 16:59:27
FRANC	FRANCIA	EU	2016-05-02 16:59:27
ALEMA	ALEMANIA	EU	2016-05-02 16:59:27
ITALI	ITALIA	EU	2016-05-02 16:59:27
CYPRU	CHIPRE	EU	2016-05-02 16:59:27
MALTA	MALTA	EU	2016-05-02 16:59:27
CHZ	REPUBLICA CHECA	EU	2016-05-02 16:59:27
HUNGA	HUNGRIA	EU	2016-05-02 16:59:27
ESLOV	ESLOVENIA	EU	2016-05-02 16:59:28
ALBAN	ALBANIA	EU	2016-05-02 16:59:28
BSHRZ	BOSNIA-HERZEGOVINA	EU	2016-05-02 16:59:28
VIET	VIETNAM DEL NORTE	AS	2016-05-02 16:59:29
VIESU	VIETNAM DEL SUR	AS	2016-05-02 16:59:29
NOCOR	COREA DEL NORTE	AS	2016-05-02 16:59:29
SUCOR	COREA DEL SUR	AS	2016-05-02 16:59:29
MALAS	MALASIA	AS	2016-05-02 16:59:29
SINGA	SINGAPUR	AS	2016-05-02 16:59:29
JAPAN	JAPON	AS	2016-05-02 16:59:29
AUSTR	AUSTRALIA	OC	2016-05-02 16:59:29
NEWZE	NUEVA ZELANDA	OC	2016-05-02 16:59:29
LIETU	LITUANIA	EU	2016-05-02 16:59:29
PHILI	FILIPINAS	AS	2016-05-02 16:59:29
BIRMA	MYANMAR	AS	2016-05-02 16:59:29
HAITI	HAITÍ	CR	2016-05-02 16:59:26
MACED	MACEDONIA	EU	2016-05-02 16:59:28
TURKE	TURQUIA	EU	2016-05-02 16:59:28
EMIRA	EMIRATOS ARABES	AF	2016-05-02 16:59:28
CHINA	CHINA	AS	2016-05-02 16:59:29
MONGO	MONGOLIA	AS	2016-05-02 16:59:29
00005	ECUADOR	SM	2016-05-02 16:58:23
HONDU	HONDURAS	CA	2016-05-02 16:59:26
GUATE	GUATEMALA	CA	2016-05-02 16:59:26
CORIC	COSTA RICA	CA	2016-05-02 16:59:26
ELSAL	EL SALVADOR	CA	2016-05-02 16:59:26
BELIC	BELICE	CA	2016-05-02 16:59:26
MEXIC	MEXICO	CA	2016-05-02 16:59:26
TRINI	TRINIDAD Y TOBAGO	CR	2016-05-02 16:59:26
AFGHA	AFGANISTÁN	AS	2016-05-02 16:59:28
ARABI	ARABIA SAUDITA	AS	2016-05-02 16:59:28
INDIA	INDIA	AS	2016-05-02 16:59:29
IRAN	IRAN	AS	2016-05-02 16:59:28
IRAQ	IRAQ	AS	2016-05-02 16:59:28
ISRAL	ISRAEL	AS	2016-05-02 16:59:28
JORDA	JORDANIA	AS	2016-05-02 16:59:28
LEBAN	LIBANO	AS	2016-05-02 16:59:28
PALES	PALESTINA	AS	2016-05-02 16:59:28
QATAR	QATAR	AS	2016-05-02 16:59:28
63272	Filandia	63	2016-02-23 10:00:00
63302	Génova	63	2016-02-23 10:00:00
63401	La Tebaida	63	2016-02-23 10:00:00
63470	Montenegro	63	2016-02-23 10:00:00
63548	Pijao	63	2016-02-23 10:00:00
63594	Quimbaya	63	2016-02-23 10:00:00
63690	Salento	63	2016-02-23 10:00:00
68169	Charta	68	2016-02-23 10:00:00
68255	El Playon	68	2016-02-23 10:00:00
68444	Matanza	68	2016-02-23 10:00:00
68780	Surata	68	2016-02-23 10:00:00
68820	Tona	68	2016-02-23 10:00:00
68867	Vetas	68	2016-02-23 10:00:00
68020	Albania	68	2016-02-23 10:00:00
68077	Barbosa	68	2016-02-23 10:00:00
05101	Bolivar	68	2016-02-23 10:00:00
68179	Chipata	68	2016-02-23 10:00:00
68250	El Peñon	68	2016-02-23 10:00:00
68271	Florian	68	2016-02-23 10:00:00
68324	Guavata	68	2016-02-23 10:00:00
68327	Güepsa	68	2016-02-23 10:00:00
68368	Jesus Maria	68	2016-02-23 10:00:00
68377	La  Belleza	68	2016-02-23 10:00:00
68397	La Paz	68	2016-02-23 10:00:00
68572	Puente Nacional	68	2016-02-23 10:00:00
68673	San Benito	68	2016-02-23 10:00:00
68773	Sucre	68	2016-02-23 10:00:00
68861	Velez	68	2016-02-23 10:00:00
66045	Apia	66	2016-02-23 10:00:00
66075	Balboa	66	2016-02-23 10:00:00
66383	La Celia	66	2016-02-23 10:00:00
66456	Mistrato	66	2016-02-23 10:00:00
66572	Pueblo Rico	66	2016-02-23 10:00:00
66594	Quinchia	66	2016-02-23 10:00:00
66682	Santa Rosa de Cabal	66	2016-02-23 10:00:00
66687	Santuario	66	2016-02-23 10:00:00
76020	Alcalá	76	2016-02-23 10:00:00
76041	Ansermanuevo	76	2016-02-23 10:00:00
76054	Argelia	76	2016-02-23 10:00:00
76100	Bolívar	76	2016-02-23 10:00:00
76147	Cartago	76	2016-02-23 10:00:00
76243	El Águila	76	2016-02-23 10:00:00
76246	El Cairo	76	2016-02-23 10:00:00
76250	El Dovio	76	2016-02-23 10:00:00
76400	La Unión	76	2016-02-23 10:00:00
76403	La Victoria	76	2016-02-23 10:00:00
76497	Obando	76	2016-02-23 10:00:00
76622	Roldanillo	76	2016-02-23 10:00:00
76823	Toro	76	2016-02-23 10:00:00
76845	Ulloa	76	2016-02-23 10:00:00
76863	Versalles	76	2016-02-23 10:00:00
76895	Zarzal	76	2016-02-23 10:00:00
76036	Andalucía	76	2016-02-23 10:00:00
76111	Buga	76	2016-02-23 10:00:00
76113	Bugalagrande	76	2016-02-23 10:00:00
76248	El Cerrito	76	2016-02-23 10:00:00
76306	Ginebra	76	2016-02-23 10:00:00
76318	Guacarí	76	2016-02-23 10:00:00
76606	Restrepo	76	2016-02-23 10:00:00
76616	Riofrío	76	2016-02-23 10:00:00
76670	San Pedro	76	2016-02-23 10:00:00
76828	Trujillo	76	2016-02-23 10:00:00
76834	Tuluá	76	2016-02-23 10:00:00
76890	Yotoco	76	2016-02-23 10:00:00
76130	Candelaria	76	2016-02-23 10:00:00
76233	Dagua	76	2016-02-23 10:00:00
76275	Florida	76	2016-02-23 10:00:00
76364	Jamundí	76	2016-02-23 10:00:00
76377	La Cumbre	76	2016-02-23 10:00:00
76520	Palmira	76	2016-02-23 10:00:00
76563	Pradera	76	2016-02-23 10:00:00
76892	Yumbo	76	2016-02-23 10:00:00
76122	Caicedonia	76	2016-02-23 10:00:00
76736	Sevilla	76	2016-02-23 10:00:00
76109	Buenaventura	76	2016-02-23 10:00:00
73026	Alvarado	73	2016-02-23 10:00:00
73043	Anzoátegui	73	2016-02-23 10:00:00
73124	Cajamarca	73	2016-02-23 10:00:00
73200	Coello	73	2016-02-23 10:00:00
73268	Espinal	73	2016-02-23 10:00:00
73275	Flandes	73	2016-02-23 10:00:00
73547	Piedras	73	2016-02-23 10:00:00
73624	Rovira	73	2016-02-23 10:00:00
73678	San Luis	73	2016-02-23 10:00:00
73854	Valle de San Juan	73	2016-02-23 10:00:00
73152	Casabianca	73	2016-02-23 10:00:00
73347	Herveo	73	2016-02-23 10:00:00
73408	Lérida	73	2016-02-23 10:00:00
73461	Murillo	73	2016-02-23 10:00:00
73686	Santa Isabel	73	2016-02-23 10:00:00
73861	Venadillo	73	2016-02-23 10:00:00
73030	Ambalema	73	2016-02-23 10:00:00
73055	Armero	73	2016-02-23 10:00:00
73270	Falan	73	2016-02-23 10:00:00
73283	Fresno	73	2016-02-23 10:00:00
73349	Honda	73	2016-02-23 10:00:00
73443	Mariquita	73	2016-02-23 10:00:00
73148	Carmen de Apicalá	73	2016-02-23 10:00:00
73226	Cunday	73	2016-02-23 10:00:00
73352	Icononzo	73	2016-02-23 10:00:00
73449	Melgar	73	2016-02-23 10:00:00
73873	Villarrica	73	2016-02-23 10:00:00
73067	Ataco	73	2016-02-23 10:00:00
73217	Coyaima	73	2016-02-23 10:00:00
73483	Natagaima	73	2016-02-23 10:00:00
73504	Ortega	73	2016-02-23 10:00:00
73555	Planadas	73	2016-02-23 10:00:00
73616	Rioblanco	73	2016-02-23 10:00:00
73622	Roncesvalles	73	2016-02-23 10:00:00
73675	San Antonio	73	2016-02-23 10:00:00
73024	Alpujarra	73	2016-02-23 10:00:00
73236	Dolores	73	2016-02-23 10:00:00
73319	Guamo	73	2016-02-23 10:00:00
73563	Prado	73	2016-02-23 10:00:00
73585	Purificación	73	2016-02-23 10:00:00
73671	Saldaña	73	2016-02-23 10:00:00
73770	Suárez	73	2016-02-23 10:00:00
94001	Inírida	94	2016-02-23 10:00:00
94885	La Guadalupe	94	2016-02-23 10:00:00
95220	Morichal Nuevo	94	2016-02-23 10:00:00
94884	Puerto Colombia	94	2016-02-23 10:00:00
25183	Chocontá	25	2016-02-23 10:00:00
25426	Machetá	25	2016-02-23 10:00:00
25436	Manta	25	2016-02-23 10:00:00
25736	Sesquilé	25	2016-02-23 10:00:00
25772	Suesca	25	2016-02-23 10:00:00
25807	Tibirita	25	2016-02-23 10:00:00
25873	Villapinzón	25	2016-02-23 10:00:00
25001	Agua de Dios	25	2016-02-23 10:00:00
25307	Girardot	25	2016-02-23 10:00:00
25324	Guataquí	25	2016-02-23 10:00:00
25368	Jerusalén	25	2016-02-23 10:00:00
05483	Nariño	25	2016-02-23 10:00:00
25488	Nilo	25	2016-02-23 10:00:00
25612	Ricaurte	25	2016-02-23 10:00:00
25815	Tocaima	25	2016-02-23 10:00:00
25148	Caparrapí	25	2016-02-23 10:00:00
25320	Guaduas	25	2016-02-23 10:00:00
25572	Puerto Salgar	25	2016-02-23 10:00:00
25019	Albán	25	2016-02-23 10:00:00
25398	La Peña	25	2016-02-23 10:00:00
25402	La Vega	25	2016-02-23 10:00:00
25489	Nimaima	25	2016-02-23 10:00:00
25491	Nocaima	25	2016-02-23 10:00:00
25592	Quebradanegra	25	2016-02-23 10:00:00
25658	San Francisco	25	2016-02-23 10:00:00
25718	Sasaima	25	2016-02-23 10:00:00
25777	Supatá	25	2016-02-23 10:00:00
25851	Útica	25	2016-02-23 10:00:00
25862	Vergara	25	2016-02-23 10:00:00
25875	Villeta	25	2016-02-23 10:00:00
25293	Gachalá	25	2016-02-23 10:00:00
25297	Gachetá	25	2016-02-23 10:00:00
25299	Gama	25	2016-02-23 10:00:00
25322	Guasca	25	2016-02-23 10:00:00
25326	Guatavita	25	2016-02-23 10:00:00
25372	Junín	25	2016-02-23 10:00:00
25377	La Calera	25	2016-02-23 10:00:00
25839	Ubalá	25	2016-02-23 10:00:00
25086	Beltrán	25	2016-02-23 10:00:00
25095	Bituima	25	2016-02-23 10:00:00
25168	Chaguaní	25	2016-02-23 10:00:00
25328	Guayabal de Síquima	25	2016-02-23 10:00:00
25580	Pulí	25	2016-02-23 10:00:00
25662	San Juan de Rioseco	25	2016-02-23 10:00:00
25867	Vianí	25	2016-02-23 10:00:00
25438	Medina	25	2016-02-23 10:00:00
25530	Paratebueno	25	2016-02-23 10:00:00
25151	Cáqueza	25	2016-02-23 10:00:00
25178	Chipaque	25	2016-02-23 10:00:00
25181	Choachí	25	2016-02-23 10:00:00
25279	Fómeque	25	2016-02-23 10:00:00
25281	Fosca	25	2016-02-23 10:00:00
25335	Guayabetal	25	2016-02-23 10:00:00
25339	Gutiérrez	25	2016-02-23 10:00:00
25594	Quetame	25	2016-02-23 10:00:00
25841	Ubaque	25	2016-02-23 10:00:00
25845	Une	25	2016-02-23 10:00:00
25394	La Palma	25	2016-02-23 10:00:00
25513	Pacho	25	2016-02-23 10:00:00
25518	Paime	25	2016-02-23 10:00:00
25653	San Cayetano	25	2016-02-23 10:00:00
25823	Topaipí	25	2016-02-23 10:00:00
25871	Villagómez	25	2016-02-23 10:00:00
25885	Yacopí	25	2016-02-23 10:00:00
25126	Cajicá	25	2016-02-23 10:00:00
25200	Cogua	25	2016-02-23 10:00:00
25175	Chía	25	2016-02-23 10:00:00
25295	Gachancipá	25	2016-02-23 10:00:00
25486	Nemocón	25	2016-02-23 10:00:00
25758	Sopó	25	2016-02-23 10:00:00
25785	Tabio	25	2016-02-23 10:00:00
25799	Tenjo	25	2016-02-23 10:00:00
25817	Tocancipá	25	2016-02-23 10:00:00
25899	Zipaquirá	25	2016-02-23 10:00:00
25099	Bojacá	25	2016-02-23 10:00:00
25214	Cota	25	2016-02-23 10:00:00
25269	Facatativá	25	2016-02-23 10:00:00
25286	Funza	25	2016-02-23 10:00:00
25430	Madrid	25	2016-02-23 10:00:00
25473	Mosquera	25	2016-02-23 10:00:00
25769	Subachoque	25	2016-02-23 10:00:00
25898	Zipacón	25	2016-02-23 10:00:00
25740	Sibaté	25	2016-02-23 10:00:00
25754	Soacha	25	2016-02-23 10:00:00
25053	Arbeláez	25	2016-02-23 10:00:00
25120	Cabrera	25	2016-02-23 10:00:00
25290	Fusagasugá	25	2016-02-23 10:00:00
25312	Granada	25	2016-02-23 10:00:00
25524	Pandi	25	2016-02-23 10:00:00
25535	Pasca	25	2016-02-23 10:00:00
25649	San Bernardo	25	2016-02-23 10:00:00
25743	Silvania	25	2016-02-23 10:00:00
25805	Tibacuy	25	2016-02-23 10:00:00
25506	Venecia	25	2016-02-23 10:00:00
25035	Anapoima	25	2016-02-23 10:00:00
25040	Anolaima	25	2016-02-23 10:00:00
25599	Apulo	25	2016-02-23 10:00:00
25123	Cachipay	25	2016-02-23 10:00:00
25245	Mesitas del Colegio	25	2016-02-23 10:00:00
25386	La Mesa	25	2016-02-23 10:00:00
25596	Quipile	25	2016-02-23 10:00:00
25797	Tena	25	2016-02-23 10:00:00
25878	Viotá	25	2016-02-23 10:00:00
25154	Carmen de Carupa	25	2016-02-23 10:00:00
25224	Cucunubá	25	2016-02-23 10:00:00
25288	Fúquene	25	2016-02-23 10:00:00
25317	Guachetá	25	2016-02-23 10:00:00
25407	Lenguazaque	25	2016-02-23 10:00:00
25745	Simijaca	25	2016-02-23 10:00:00
25779	Susa	25	2016-02-23 10:00:00
25781	Sutatausa	25	2016-02-23 10:00:00
25793	Tausa	25	2016-02-23 10:00:00
25843	Ubaté	25	2016-02-23 10:00:00
41016	Aipe	41	2016-02-23 10:00:00
41020	Algeciras	41	2016-02-23 10:00:00
41078	Baraya	41	2016-02-23 10:00:00
41132	Campoalegre	41	2016-02-23 10:00:00
41206	Colombia	41	2016-02-23 10:00:00
41349	Hobo	41	2016-02-23 10:00:00
41357	Íquira	41	2016-02-23 10:00:00
41001	Neiva	41	2016-02-23 10:00:00
41524	Palermo	41	2016-02-23 10:00:00
41615	Rivera	41	2016-02-23 10:00:00
41676	Santa María	41	2016-02-23 10:00:00
41799	Tello	41	2016-02-23 10:00:00
41801	Teruel	41	2016-02-23 10:00:00
41872	Villavieja	41	2016-02-23 10:00:00
41885	Yaguará	41	2016-02-23 10:00:00
41026	Altamira	41	2016-02-23 10:00:00
41298	Garzón	41	2016-02-23 10:00:00
830	Armenia	63	2014-06-13 11:45:39
1192	Curillo	18	2014-06-13 11:45:39
1198	Puerto Milán	18	2014-06-13 11:45:39
1199	Puerto Rico	18	2014-06-13 11:45:39
1200	San José del Fragua	18	2014-06-13 11:45:39
1201	San Vicente del Caguán	18	2014-06-13 11:45:39
571	El Carmen de Chucuri	68	2014-06-13 11:45:39
607	Belen de Ubria	66	2014-06-13 11:45:39
612	Masarella	66	2014-06-13 11:45:39
807	Darién	76	2014-06-13 11:45:39
826	Vijes	76	2014-06-13 11:45:39
860	Villahermosa	73	2014-06-13 11:45:39
867	Palocabildo	73	2014-06-13 11:45:39
1117	Barrancominas	94	2014-06-13 11:45:39
1118	Cacahual	94	2014-06-13 11:45:39
1121	Mapiripana	94	2014-06-13 11:45:39
1123	Pana Pana	94	2014-06-13 11:45:39
1125	San Felipe	94	2014-06-13 11:45:39
41306	Gigante	41	2016-02-23 10:00:00
41548	Pital	41	2016-02-23 10:00:00
41319	Guadalupe	41	2016-02-23 10:00:00
41791	Tarqui	41	2016-02-23 10:00:00
41770	Suaza	41	2016-02-23 10:00:00
41378	La Argentina3	41	2016-02-23 10:00:00
41396	La Plata	41	2016-02-23 10:00:00
41483	Nátaga	41	2016-02-23 10:00:00
41518	Paicol	41	2016-02-23 10:00:00
41797	Tesalia	41	2016-02-23 10:00:00
41006	Acevedo	41	2016-02-23 10:00:00
41244	Elías	41	2016-02-23 10:00:00
41359	Isnos	41	2016-02-23 10:00:00
41503	Oporapa	41	2016-02-23 10:00:00
41530	Palestina	41	2016-02-23 10:00:00
41551	Pitalito	41	2016-02-23 10:00:00
41660	Saladoblanco	41	2016-02-23 10:00:00
41668	San Agustín	41	2016-02-23 10:00:00
41807	Timaná	41	2016-02-23 10:00:00
08421	Luruaco	08	2016-02-23 10:00:00
08433	Malambo	08	2016-02-23 10:00:00
08436	Manatí	08	2016-02-23 10:00:00
08520	Palmar de Varela	08	2016-02-23 10:00:00
08549	Piojó	08	2016-02-23 10:00:00
08558	Polonuevo	08	2016-02-23 10:00:00
08560	Ponedera	08	2016-02-23 10:00:00
08573	Puerto Colombia	08	2016-02-23 10:00:00
08606	Repelón	08	2016-02-23 10:00:00
08634	Sabanagrande	08	2016-02-23 10:00:00
08638	Sabanalarga	08	2016-02-23 10:00:00
08675	Santa Lucía	08	2016-02-23 10:00:00
08685	Santo Tomás	08	2016-02-23 10:00:00
08758	Soledad	08	2016-02-23 10:00:00
08770	Suán	08	2016-02-23 10:00:00
08832	Tubará	08	2016-02-23 10:00:00
08849	Usiacurí	08	2016-02-23 10:00:00
47053	Aracataca	47	2016-02-23 10:00:00
47058	Ariguaní	47	2016-02-23 10:00:00
47161	Cerro de San Antonio	47	2016-02-23 10:00:00
47170	Chibolo	47	2016-02-23 10:00:00
47189	Ciénaga	47	2016-02-23 10:00:00
05209	Concordia	47	2016-02-23 10:00:00
47245	El Banco	47	2016-02-23 10:00:00
47258	El Piñón	47	2016-02-23 10:00:00
47288	Fundación	47	2016-02-23 10:00:00
47541	Pedraza	47	2016-02-23 10:00:00
47551	Pivijay	47	2016-02-23 10:00:00
47570	Pueblo Viejo	47	2016-02-23 10:00:00
47605	Remolino	47	2016-02-23 10:00:00
17653	Salamina	47	2016-02-23 10:00:00
47692	San Sebastián de Buenavista	47	2016-02-23 10:00:00
47703	San Zenón	47	2016-02-23 10:00:00
47707	Santa Ana	47	2016-02-23 10:00:00
47745	Sitionuevo	47	2016-02-23 10:00:00
47798	Tenerife	47	2016-02-23 10:00:00
20011	Aguachica	20	2016-02-23 10:00:00
20013	Agustín Codazzi	20	2016-02-23 10:00:00
20228	Curumaní	20	2016-02-23 10:00:00
20178	Chiriguaná	20	2016-02-23 10:00:00
20060	Bosconia	20	2016-02-23 10:00:00
20238	El Copey	20	2016-02-23 10:00:00
20621	La Paz	20	2016-02-23 10:00:00
20400	La Jagua de Ibirico	20	2016-02-23 10:00:00
20032	Astrea	20	2016-02-23 10:00:00
20710	San Alberto	20	2016-02-23 10:00:00
20770	San Martín	20	2016-02-23 10:00:00
20250	El Paso	20	2016-02-23 10:00:00
20550	Pelaya	20	2016-02-23 10:00:00
20045	Becerril	20	2016-02-23 10:00:00
20614	Río de Oro	20	2016-02-23 10:00:00
20517	Pailitas	20	2016-02-23 10:00:00
20750	San Diego	20	2016-02-23 10:00:00
20295	Gamarra	20	2016-02-23 10:00:00
20383	La Gloria	20	2016-02-23 10:00:00
20787	Tamalameque	20	2016-02-23 10:00:00
20175	Chimichagua	20	2016-02-23 10:00:00
20443	Manaure Balcón del Cesar	20	2016-02-23 10:00:00
20310	González	20	2016-02-23 10:00:00
23079	Buenavista	23	2016-02-23 10:00:00
23090	Canalete	23	2016-02-23 10:00:00
23189	Ciénaga de Oro	23	2016-02-23 10:00:00
23464	Momil	23	2016-02-23 10:00:00
23500	Moñitos	23	2016-02-23 10:00:00
23580	Puerto Libertador	23	2016-02-23 10:00:00
23586	Purísima	23	2016-02-23 10:00:00
23670	San Andrés de Sotavento	23	2016-02-23 10:00:00
23672	San Antero	23	2016-02-23 10:00:00
23675	San Bernardo del Viento	23	2016-02-23 10:00:00
23678	San Carlos	23	2016-02-23 10:00:00
23686	San Pelayo	23	2016-02-23 10:00:00
23807	Tierralta	23	2016-02-23 10:00:00
23855	Valencia	23	2016-02-23 10:00:00
70429	Majagual	70	2016-02-23 10:00:00
70001	Sucre	70	2016-02-23 10:00:00
70230	Chalán	70	2016-02-23 10:00:00
70204	Coloso	70	2016-02-23 10:00:00
70473	Morroa	70	2016-02-23 10:00:00
70508	Ovejas	70	2016-02-23 10:00:00
70523	Palmito	70	2016-02-23 10:00:00
70713	San Onofre	70	2016-02-23 10:00:00
70820	Santiago de Tolú	70	2016-02-23 10:00:00
70823	Tolúviejo	70	2016-02-23 10:00:00
70235	Galeras	70	2016-02-23 10:00:00
70418	Los Palmitos	70	2016-02-23 10:00:00
70670	Sampués	70	2016-02-23 10:00:00
70702	San Juan de Betulia	70	2016-02-23 10:00:00
70717	San Pedro	70	2016-02-23 10:00:00
70742	Sincé	70	2016-02-23 10:00:00
70124	Caimito	70	2016-02-23 10:00:00
70400	La Unión	70	2016-02-23 10:00:00
70678	San Benito Abad	70	2016-02-23 10:00:00
13600	Rio Viejo	13	2016-02-23 10:00:00
13647	San Estanislao	13	2016-02-23 10:00:00
13650	San Fernando	13	2016-02-23 10:00:00
13654	San Jacinto	13	2016-02-23 10:00:00
13657	San Juan Nepomuceno	13	2016-02-23 10:00:00
13667	San Martin de Loba	13	2016-02-23 10:00:00
13670	San Pablo	13	2016-02-23 10:00:00
13673	Santa Catalina	13	2016-02-23 10:00:00
13683	Santa Rosa	13	2016-02-23 10:00:00
13688	Santa Rosa del Sur	13	2016-02-23 10:00:00
13744	Simiti	13	2016-02-23 10:00:00
13760	Soplaviento	13	2016-02-23 10:00:00
13780	Talaigua Nuevo	13	2016-02-23 10:00:00
13836	Turbaco	13	2016-02-23 10:00:00
13838	Turbana	13	2016-02-23 10:00:00
13873	Villanueva	13	2016-02-23 10:00:00
13894	Zambrano	13	2016-02-23 10:00:00
54003	Abrego	54	2016-02-23 10:00:00
54128	Cachira	54	2016-02-23 10:00:00
54206	Convencion	54	2016-02-23 10:00:00
68235	El Carmen	54	2016-02-23 10:00:00
54344	Hacari	54	2016-02-23 10:00:00
54398	La Playa de Belen	54	2016-02-23 10:00:00
54498	Ocaña	54	2016-02-23 10:00:00
54670	San Calixto	54	2016-02-23 10:00:00
54800	Teorama	54	2016-02-23 10:00:00
54109	Bucarasica	54	2016-02-23 10:00:00
54720	Sardinata	54	2016-02-23 10:00:00
54810	Tibu	54	2016-02-23 10:00:00
54261	El Zulia	54	2016-02-23 10:00:00
54405	Los Patios	54	2016-02-23 10:00:00
54553	Puerto Santander	54	2016-02-23 10:00:00
54673	San Cayetano	54	2016-02-23 10:00:00
54874	Villa del Rosario	54	2016-02-23 10:00:00
54125	Cacota	54	2016-02-23 10:00:00
54174	Chitaga	54	2016-02-23 10:00:00
54480	Mutiscua	54	2016-02-23 10:00:00
54518	Pamplona	54	2016-02-23 10:00:00
54520	Pamplonita	54	2016-02-23 10:00:00
54051	Arboledas	54	2016-02-23 10:00:00
54223	Cucutilla	54	2016-02-23 10:00:00
54313	Gramalote	54	2016-02-23 10:00:00
54418	Lourdes	54	2016-02-23 10:00:00
54660	Salazar de Las Palmas	54	2016-02-23 10:00:00
54680	Santiago	54	2016-02-23 10:00:00
54871	Villa Caro	54	2016-02-23 10:00:00
54099	Bochalema	54	2016-02-23 10:00:00
54172	Chinacota	54	2016-02-23 10:00:00
54239	Durania	54	2016-02-23 10:00:00
54347	Herran	54	2016-02-23 10:00:00
54377	Labateca	54	2016-02-23 10:00:00
54599	Ragonvalia	54	2016-02-23 10:00:00
54820	Toledo	54	2016-02-23 10:00:00
27025	Alto Baudo	27	2016-02-23 10:00:00
27073	Bagado	27	2016-02-23 10:00:00
27075	Bahia Solano	27	2016-02-23 10:00:00
27077	Bajo Baudo	27	2016-02-23 10:00:00
27245	El Carmen de Atrato	27	2016-02-23 10:00:00
27361	Istmina	27	2016-02-23 10:00:00
27372	Jurado	27	2016-02-23 10:00:00
27413	Lloro	27	2016-02-23 10:00:00
27430	Medio Baudo	27	2016-02-23 10:00:00
27450	Medio San Juan	27	2016-02-23 10:00:00
27491	Novita	27	2016-02-23 10:00:00
27495	Nuqui	27	2016-02-23 10:00:00
27615	Riosucio	27	2016-02-23 10:00:00
27580	Rio Iro	27	2016-02-23 10:00:00
27600	Rio Quito	27	2016-02-23 10:00:00
27660	San Jose del Palmar	27	2016-02-23 10:00:00
27745	Sipi	27	2016-02-23 10:00:00
27787	Tado	27	2016-02-23 10:00:00
27800	Unguia	27	2016-02-23 10:00:00
27810	Union Panamericana	27	2016-02-23 10:00:00
05495	Nechi	05	2016-02-23 10:00:00
05895	Zaragoza	05	2016-02-23 10:00:00
05142	Caracoli	05	2016-02-23 10:00:00
05591	Puerto Triunfo	05	2016-02-23 10:00:00
05893	Yondo	05	2016-02-23 10:00:00
05664	San Pedro de los Milagros	05	2016-02-23 10:00:00
05670	San Roque	05	2016-02-23 10:00:00
05690	Santo Domingo	05	2016-02-23 10:00:00
05858	Vegachi	05	2016-02-23 10:00:00
05885	Yali	05	2016-02-23 10:00:00
05038	Angostura	05	2016-02-23 10:00:00
05206	Concepcion	05	2016-02-23 10:00:00
05321	Guatape	05	2016-02-23 10:00:00
05400	La Union	05	2016-02-23 10:00:00
05652	San Francisco	05	2016-02-23 10:00:00
05390	La Pintada	05	2016-02-23 10:00:00
05467	Montebello	05	2016-02-23 10:00:00
05576	Pueblorrico	05	2016-02-23 10:00:00
05051	Arboletes	05	2016-02-23 10:00:00
05475	Murindo	05	2016-02-23 10:00:00
05480	Mutata	05	2016-02-23 10:00:00
05659	San Juan de Uraba	05	2016-02-23 10:00:00
05873	Vigia del Fuerte	05	2016-02-23 10:00:00
81001	Arauca	81	2016-02-23 10:00:00
81065	Arauquita	81	2016-02-23 10:00:00
81220	Cravo Norte	81	2016-02-23 10:00:00
81300	Fortul	81	2016-02-23 10:00:00
81591	Puerto Rondon	81	2016-02-23 10:00:00
81736	Saravena	81	2016-02-23 10:00:00
81794	Tame	81	2016-02-23 10:00:00
17662	Samana	17	2016-02-23 10:00:00
17867	Victoria	17	2016-02-23 10:00:00
17495	Norcasia	17	2016-02-23 10:00:00
17433	Manzanares	17	2016-02-23 10:00:00
17446	Marulanda	17	2016-02-23 10:00:00
17013	Aguadas	17	2016-02-23 10:00:00
17050	Aranzazu	17	2016-02-23 10:00:00
17777	Supia	17	2016-02-23 10:00:00
17388	La Merced	17	2016-02-23 10:00:00
17442	Marmato	17	2016-02-23 10:00:00
17272	Filadelfia	17	2016-02-23 10:00:00
17486	Neira	17	2016-02-23 10:00:00
17873	Villamaria	17	2016-02-23 10:00:00
17524	Palestina	17	2016-02-23 10:00:00
17877	Viterbo	17	2016-02-23 10:00:00
17088	Belalcazar	17	2016-02-23 10:00:00
17665	San Jose	17	2016-02-23 10:00:00
17616	Risaralda	17	2016-02-23 10:00:00
17042	Anserma	17	2016-02-23 10:00:00
85010	Aguazul	85	2016-02-23 10:00:00
85015	Chámeza	85	2016-02-23 10:00:00
85125	Hato Corozal	85	2016-02-23 10:00:00
85136	La Salina	85	2016-02-23 10:00:00
85139	Maní	85	2016-02-23 10:00:00
85162	Monterrey	85	2016-02-23 10:00:00
85225	Nunchía	85	2016-02-23 10:00:00
85230	Orocué	85	2016-02-23 10:00:00
85250	Paz de Ariporo	85	2016-02-23 10:00:00
85263	Pore	85	2016-02-23 10:00:00
85279	Recetor	85	2016-02-23 10:00:00
85300	Sabanalarga	85	2016-02-23 10:00:00
85315	Sácama	85	2016-02-23 10:00:00
85325	San Luis de Palenque	85	2016-02-23 10:00:00
85400	Támara	85	2016-02-23 10:00:00
85410	Tauramena	85	2016-02-23 10:00:00
85430	Trinidad	85	2016-02-23 10:00:00
85440	Villanueva	85	2016-02-23 10:00:00
85001	Yopal	85	2016-02-23 10:00:00
99773	Cumaribo	99	2016-02-23 10:00:00
CUBA	CUBA	CR	2016-05-02 16:59:26
ELOVA	ESLOVAQUIA	EU	2016-05-02 16:59:30
SENEG	SENEGAL	AF	2016-05-02 16:59:29
COTDI	COSTA DE MARFIL	AF	2016-05-02 16:59:29
SUDAF	SUDAFRICA	AF	2016-05-02 16:59:29
BOST	BOSTWANA	AF	2016-05-02 16:59:29
MADAG	MADAGASCAR	AF	2016-05-02 16:59:30
CABOV	CABO VERDE ISLAS	AF	2016-05-02 16:59:30
TUNIC	TUNEZ	AF	2016-05-02 16:59:30
ERITR	ERITREA	AF	2016-05-02 16:59:30
KENYA	KENYA	AF	2016-05-02 16:59:30
THAIL	THAILANDIA	AS	2016-05-02 16:59:30
GABON	GABON	AF	2016-05-02 16:59:30
MALI	MALI	AF	2016-05-02 16:59:30
EGIPT	EGIPTO	AF	2016-05-02 16:59:29
MAURI	MAURITANIA	AF	2016-05-02 16:59:29
MARRU	MARRUECOS	AF	2016-05-02 16:59:29
GUIEC	GUINEA ECUATORIAL	AF	2016-05-02 16:59:29
00001	ARGENTINA	SM	2016-05-02 16:58:23
00002	BOLIVIA	SM	2016-05-02 16:58:23
00003	BRASIL	SM	2016-05-02 16:58:23
00004	CHILE	SM	2016-05-02 16:58:23
00007	PARAGUAY	SM	2016-05-02 16:58:23
00008	PERU	SM	2016-05-02 16:58:23
00009	URUGUAY	SM	2016-05-02 16:58:23
00010	VENEZUELA	SM	2016-05-02 16:58:23
00006	PANAMA	CA	2016-05-02 16:58:23
52585	Pupiales	52	2016-02-23 10:00:00
52612	Ricaurte	52	2016-02-23 10:00:00
0	N/A	0	2014-06-13 11:45:39
99524	La Primavera	99	2016-02-23 10:00:00
99001	Puerto Carreño	99	2016-02-23 10:00:00
99624	Santa Rosalía	99	2016-02-23 10:00:00
19110	Buenos Aires	19	2016-02-23 10:00:00
19142	Caloto	19	2016-02-23 10:00:00
19212	Corinto	19	2016-02-23 10:00:00
19300	Guachené	19	2016-02-23 10:00:00
19455	Miranda	19	2016-02-23 10:00:00
19513	Padilla	19	2016-02-23 10:00:00
19573	Puerto Tejada	19	2016-02-23 10:00:00
19698	Santander de Quilichao	19	2016-02-23 10:00:00
19780	Suárez	19	2016-02-23 10:00:00
19845	Villa Rica	19	2016-02-23 10:00:00
19130	Cajibío	19	2016-02-23 10:00:00
19256	El Tambo	19	2016-02-23 10:00:00
19392	La Sierra	19	2016-02-23 10:00:00
19473	Morales	19	2016-02-23 10:00:00
19548	Piendamó	19	2016-02-23 10:00:00
19001	Popayán	19	2016-02-23 10:00:00
19622	Rosas	19	2016-02-23 10:00:00
19760	Sotará	19	2016-02-23 10:00:00
19807	Timbío	19	2016-02-23 10:00:00
19022	Almaguer	19	2016-02-23 10:00:00
19050	Argelia	19	2016-02-23 10:00:00
19075	Balboa	19	2016-02-23 10:00:00
19100	Bolívar	19	2016-02-23 10:00:00
19290	Florencia	19	2016-02-23 10:00:00
19397	La Vega	19	2016-02-23 10:00:00
19450	Mercaderes	19	2016-02-23 10:00:00
19532	Patía	19	2016-02-23 10:00:00
19533	Piamonte	19	2016-02-23 10:00:00
19693	San Sebastián	19	2016-02-23 10:00:00
19701	Santa Rosa	19	2016-02-23 10:00:00
19785	Sucre	19	2016-02-23 10:00:00
19318	Guapí	19	2016-02-23 10:00:00
19809	Timbiquí	19	2016-02-23 10:00:00
19137	Caldonó	19	2016-02-23 10:00:00
19355	Inzá	19	2016-02-23 10:00:00
19364	Jambaló	19	2016-02-23 10:00:00
19517	Páez	19	2016-02-23 10:00:00
19585	Puracé	19	2016-02-23 10:00:00
19743	Silvia	19	2016-02-23 10:00:00
19821	Toribío	19	2016-02-23 10:00:00
19824	Totoró	19	2016-02-23 10:00:00
50006	Acacías	50	2016-02-23 10:00:00
50110	Barranca de Upía	50	2016-02-23 10:00:00
50124	Cabuyaro	50	2016-02-23 10:00:00
50150	Castilla La Nueva	50	2016-02-23 10:00:00
50223	Cubarral	50	2016-02-23 10:00:00
50226	Cumaral	50	2016-02-23 10:00:00
50245	El Calvario	50	2016-02-23 10:00:00
50251	El Castillo	50	2016-02-23 10:00:00
50270	El Dorado	50	2016-02-23 10:00:00
50287	Fuente de Oro	50	2016-02-23 10:00:00
50313	Granada	50	2016-02-23 10:00:00
47318	Guamal	50	2016-02-23 10:00:00
50350	La Macarena	50	2016-02-23 10:00:00
50370	La Uribe	50	2016-02-23 10:00:00
50400	Lejanías	50	2016-02-23 10:00:00
94663	Mapiripán	50	2016-02-23 10:00:00
50330	Mesetas	50	2016-02-23 10:00:00
50450	Puerto Concordia	50	2016-02-23 10:00:00
50568	Puerto Gaitán	50	2016-02-23 10:00:00
50577	Puerto Lleras	50	2016-02-23 10:00:00
50573	Puerto López	50	2016-02-23 10:00:00
01017	Puerto Rico	50	2016-02-23 10:00:00
50606	Restrepo	50	2016-02-23 10:00:00
50680	San Carlos de Guaroa	50	2016-02-23 10:00:00
50683	San Juan de Arama	50	2016-02-23 10:00:00
50686	San Juanito	50	2016-02-23 10:00:00
50689	San Martín	50	2016-02-23 10:00:00
50001	Villavicencio	50	2016-02-23 10:00:00
50711	Vista Hermosa	50	2016-02-23 10:00:00
52022	Aldana	52	2016-02-23 10:00:00
52036	Ancuyá	52	2016-02-23 10:00:00
52051	Arboleda	52	2016-02-23 10:00:00
52079	Barbacoas	52	2016-02-23 10:00:00
52083	Belén	52	2016-02-23 10:00:00
52110	Buesaco	52	2016-02-23 10:00:00
52240	Chachagüí	52	2016-02-23 10:00:00
52203	Colón	52	2016-02-23 10:00:00
52207	Consacá	52	2016-02-23 10:00:00
52210	Contadero	52	2016-02-23 10:00:00
52215	Córdoba	52	2016-02-23 10:00:00
52224	Cuaspud	52	2016-02-23 10:00:00
52227	Cumbal	52	2016-02-23 10:00:00
52233	Cumbitara	52	2016-02-23 10:00:00
52250	El Charco	52	2016-02-23 10:00:00
52254	El Peñol	52	2016-02-23 10:00:00
52256	El Rosario	52	2016-02-23 10:00:00
52258	El Tablón de Gómez	52	2016-02-23 10:00:00
52260	El Tambo	52	2016-02-23 10:00:00
52520	Francisco Pizarro	52	2016-02-23 10:00:00
52317	Guachucal	52	2016-02-23 10:00:00
52320	Guaitarilla	52	2016-02-23 10:00:00
52323	Gualmatán	52	2016-02-23 10:00:00
52352	Iles	52	2016-02-23 10:00:00
52354	Imués	52	2016-02-23 10:00:00
52356	Ipiales	52	2016-02-23 10:00:00
52378	La Cruz	52	2016-02-23 10:00:00
52381	La Florida	52	2016-02-23 10:00:00
52385	La Llanada	52	2016-02-23 10:00:00
52390	La Tola	52	2016-02-23 10:00:00
52399	La Unión	52	2016-02-23 10:00:00
52405	Leiva	52	2016-02-23 10:00:00
52411	Linares	52	2016-02-23 10:00:00
52418	Los Andes	52	2016-02-23 10:00:00
52427	Magüí	52	2016-02-23 10:00:00
52435	Mallama	52	2016-02-23 10:00:00
52473	Mosquera	52	2016-02-23 10:00:00
52480	Nariño	52	2016-02-23 10:00:00
52490	Olaya Herrera	52	2016-02-23 10:00:00
52506	Ospina	52	2016-02-23 10:00:00
52540	Policarpa	52	2016-02-23 10:00:00
52560	Potosí	52	2016-02-23 10:00:00
52565	Providencia	52	2016-02-23 10:00:00
52573	Puerres	52	2016-02-23 10:00:00
52621	Roberto Payán	52	2016-02-23 10:00:00
52678	Samaniego	52	2016-02-23 10:00:00
52685	San Bernardo	52	2016-02-23 10:00:00
52687	San Lorenzo	52	2016-02-23 10:00:00
52693	San Pablo	52	2016-02-23 10:00:00
52694	San Pedro de Cartago	52	2016-02-23 10:00:00
52683	Sandoná	52	2016-02-23 10:00:00
52696	Santa Bárbara	52	2016-02-23 10:00:00
52699	Santacruz	52	2016-02-23 10:00:00
52720	Sapuyes	52	2016-02-23 10:00:00
52786	Taminango	52	2016-02-23 10:00:00
52788	Tangua	52	2016-02-23 10:00:00
52835	Tumaco	52	2016-02-23 10:00:00
52838	Túquerres	52	2016-02-23 10:00:00
52885	Yacuanquer	52	2016-02-23 10:00:00
95015	Calamar	95	2016-02-23 10:00:00
95025	El Retorno	95	2016-02-23 10:00:00
\.

--
-- Data for Name: eps; Type: TABLE DATA; Schema: public; Owner: postgres
--

COPY eps (id_eps, eps_nit, name, address, telephone, email, current, code, id_municipality, id_type, id_benefit_plan, id_regime_affiliate, id_iva_privity, other_benefit, other_type, codigo_empresa) FROM stdin;
57de9610-5b02-426d-b4b6-02be0ea66d57	890300625	COOMEVA	CRA 21 # 56-14	2499594	N/A	2016-05-03 15:02:07	890300625	11001	23	21	27	22	\N	\N	\N
91c6ac04-0ed6-4201-be7b-fe4d631b680b	830059121	ASOCIACION DE MEDICOS ASMECLIN	CARRERA 21 N. 91 -17 PISO 4	6109021	N/A	2016-04-27 08:08:25	830059121	11001	23	21	27	22	\N	POS	\N
30220ebe-e622-46ca-a4ed-5a4ed15a3a00	860014096	ATLANTIC MINERALS AND PRODUCTS	TRV 21 103A-17	2563115	N/A	2016-04-28 08:08:25	860014096	11001	23	21	27	22	\N	POS	\N
192582a7-d114-4dea-96ba-4f03a9dd61b7	860451192	BENEFICIOS LTDA	AVENIDA DORADO NO. 69A-51	6293650	N/A	2016-04-29 08:08:25	860451192	11001	23	21	27	22	\N	POS	\N
7432a9a8-58fe-4791-a279-8af20552fc82	800115776	BETANCOURT BUILES & CIA S. C.	CALLE 114 NO. 9 - 45	6293650	N/A	2016-04-30 08:08:25	800115776	11001	23	21	27	22	\N	POS	\N
4f1f5ec9-de7b-40f4-8504-11d2a53d8fb8	800045138	BONSALUD	CALLE 96 # 12-05	2366016	N/A	2016-05-01 08:08:25	800045138	11001	23	21	27	22	\N	POS	\N
2a4c7c38-bd05-4b8d-8293-5abbd6fe6ee2	800243540	C.M. AUDITORIOS LTDA	CAR 21 # 90-30	0	N/A	2016-05-02 08:08:25	800243540	11001	23	21	27	22	\N	POS	\N
7e6ef560-f4c3-4e35-b1f1-41ba2329bac2	41645532	INTERNATIONAL HEALTH INSURANCE	AV. 19 NO.113-30	2141200	N/A	2016-04-27 08:08:25	41645532	11001	23	21	27	22	\N	\N	\N
65c02ef6-fa45-4cf7-8685-5a4fecf75169	899999734	FONDO PREVISION SOCIAL CONGRES	Carrera 10 No. 24-55 Pisos 2 y	3415566	N/A	2016-04-27 08:08:25	899999734	11001	23	21	27	22	\N	\N	\N
3b53e069-87d9-423d-b438-15345c60c20e	830050503	GIT LTDA	CARRERA 13 48 26	2451852	N/A	2016-02-11 14:25:47	830050503	11001	23	21	27	22	\N	\N	\N
c2b7a366-1964-46d5-9ecf-b27e51981aa7	900643886	GRUPO ESPECIALIZADO DE ASISTEN	CALLE 72 8-56 PISO 8 VISION 56	7564100	N/A	2016-04-27 08:08:25	900643886	11001	23	21	27	22	\N	\N	\N
5d1a818e-eb34-43be-b65c-f28668942155	830067597	HOSPITAL CENTRAL DE LA POLICIA	TRANS. 45 NO. 40 - 13 CAN	2202157	N/A	2016-04-27 08:08:25	830067597	11001	23	21	27	22	\N	\N	\N
7568f3bf-8dcc-4c02-9fac-cf8be19d4042	830006404	HUMANA VIVIR S.A. EPS	CARRERA22 166 - 78 TOBERIN	7460920	N/A	2016-04-27 08:08:25	830006404	11001	23	21	27	22	\N	\N	\N
5ef85d84-0f28-422f-b82b-26286a9d6d78	899999048	INSTITUTO COLOMBIANO DE ENERGI	CRA 13 # 27-00 OF. 401	2816200	N/A	2016-04-27 08:08:25	899999048	11001	23	21	27	22	\N	\N	\N
b6e12f9a-f526-4168-9558-a09963e982e7	860013816	INSTITUTO SEGURO SOCIAL	Carrera 10 No.64-28	5223300	N/A	2016-04-27 08:08:25	860013816	11001	23	21	27	22	\N	\N	\N
3fdb5360-167f-4947-8bb1-b4fff035e11e	222222221	INTER MUTUELLES ASSISTANCE G.I	IMA  GIE CS 40000 118 AVENUE D	0	N/A	2016-04-27 08:08:25	222222221	11001	23	21	27	22	\N	\N	\N
72fcfb16-9d7b-4df8-9354-2a8f5a04155e	311111111	ACE EUROPEAN GROUP LTD C/O CEG	FUNTINGTON PARK CHEESMANS LANE	123	N/A	2016-04-27 08:08:25	311111111	11001	23	21	27	22	\N	\N	\N
c93f3db5-92de-48a5-bc53-3ca4e6c32928	830122566	COLOMBIA TELECOMUNICACIONES S.	TRANS 49 #105-84	0	N/A	2016-04-27 08:08:25	830122566	11001	23	21	27	22	\N	\N	\N
67d70b32-01ec-41cf-850f-1d8ace496079	899999003	DIRECC.DE SANIDAD POLICIA NAL	CARRERA 7 NO. 32 - 16	5613432	N/A	2016-04-27 08:08:25	899999003	11001	23	21	27	22	\N	\N	\N
60a14de0-d10f-4961-8228-2cc39aafd806	800088702	EPS Y MEDICINA PREPGADA SURAME	Calle 54 #46-27 P-9 Torre Fund	4938600	N/A	2016-04-27 08:08:25	800088702	11001	23	21	27	22	\N	\N	\N
2c3828fe-634b-4b79-845c-c9b7624f6c2e	800149695	FARMASANITAS LTDA	CALLE 100 NO. 11B - 67	6466060	N/A	2016-04-27 08:08:25	800149695	11001	23	21	27	22	\N	\N	\N
3afa6ff5-33ac-4ded-8835-d619a6821a7f	860003220	SCHERING COLOMBIANA S.A.	CRA 33 N0 18-33	3704266	N/A	2016-04-27 08:08:25	860003220	11001	23	21	27	22	\N	\N	\N
6085f651-6ec6-4dd6-ae99-bfae27d8518a	900336524	SECCIONAL SANIDAD BOGOTA	CARRERA 68B NO. 44-58	2201632	N/A	2016-04-27 08:08:25	900336524	11001	23	21	27	22	\N	\N	\N
fe09a79e-5496-4cfa-a504-4ed84498af6a	899999113	SECRETARIA DE SALUD	CALLE 26 NO. 47-73 TORRE SALUD	4261872	N/A	2016-04-27 08:08:25	899999113	11001	23	21	27	22	\N	\N	\N
1efbadbe-6057-4464-a6c8-88d961d6b513	890302384	LABORATORIOS CALIFORNIA S.A.		3685499	N/A	2016-04-27 08:08:25	890302384	11001	23	21	27	22	\N	\N	\N
301c66af-97a1-4861-baba-c74a2a188886	860008645	LIBERTY SEG.     ARP.	Calle 71 A No. 6 - 30 Piso 14	0713462079	N/A	2016-04-27 08:08:25	860008645	11001	23	21	27	22	\N	\N	\N
d0beba62-f15c-4492-bb92-4a43cabd8de9	892000148	SECRETARIA DE SALUD DEL META	CALLEW 37 41-80	661055	N/A	2016-04-27 08:08:25	892000148	11001	23	21	27	22	\N	\N	\N
367a8e76-cbc1-448a-8781-bdbcab69d62d	800256161	SURATEP ADMINISTRADORA DE RIES	Carrera 50 No. 52 - 50 Piso 10	0745113545	N/A	2016-04-27 08:08:25	800256161	11001	23	21	27	22	\N	\N	\N
7418ecb6-0839-4899-9178-7e9bfe18e29b	890300466	TECNOQUIMICAS S.A.	CALLE 23 #7-39 CALI	928825555	N/A	2016-04-27 08:08:25	890300466	11001	23	21	27	22	\N	\N	\N
f084f4c3-289f-4d7a-95a2-9c20aed70816	800169519	TOUREXITO S.A.S.	CARRERA 47A 91-81	7560550	N/A	2016-04-27 08:08:25	800169519	11001	23	21	27	22	\N	\N	\N
acc9d164-3c81-4975-bc2c-6ea14f6ead08	176	COOMEVA CRUCE		0	N/A	2016-04-27 08:08:25	176	11001	23	21	27	22	\N	\N	\N
71e62282-10ba-41c6-9d66-7ac4ff14ec7c	800050068	FUNDACION MEDICA PREVENTI	CARRERA 9 NO, 73-44 PISO 7	7429490	N/A	2016-04-27 08:08:25	800050068	11001	23	21	27	22	\N	\N	\N
e346379e-5519-492d-92b8-3cd02603fa30	860007330	CAJA COMPEN. FLIAR ASEGURADORE	CARRERA 10A # 67-35	3100066	N/A	2016-05-03 08:08:25	860007330	11001	23	21	27	22	\N	POS	\N
16fea995-5320-4a2d-9765-3b0fa525c30e	899999076	CAJA DE VIVIENDA POPULAR	CAJA DE VIVIENDA POPULAR	2115272	N/A	2016-05-04 08:08:25	899999076	11001	23	21	27	22	\N	POS	\N
762624a4-e4e2-4286-9644-e41e598c724c	899999112	CAJA PREV.SOCIAL SUPERBANCARIA	CALLE 7 NO. 4 -81	2096211	N/A	2016-05-05 08:08:25	899999112	11001	23	21	27	22	\N	POS	\N
392b6301-b1f5-4cd7-83ad-43b828f9c93e	899999102	CAPRECUNDI	\N	0	N/A	2016-05-06 08:08:25	899999102	11001	23	21	27	22	\N	POS	\N
fc0b730e-5b41-4728-9570-e8b42a577b08	860050684	CARBONES DE COLOMBIA - CARBOCO	CRA 7 NO. 31-10	2873100	N/A	2016-05-07 08:08:25	860050684	11001	23	21	27	22	\N	POS	\N
7e8e8397-568b-416f-bc0e-1d7f966d52e3	860038515	CIA COLOMBIANA AUTOMOTRIZ S.A	CALLE 13 # 38-54	2777300	N/A	2016-05-08 08:08:25	860038515	11001	23	21	27	22	\N	POS	\N
867f7246-77e6-4b07-ae7e-4bd2efa1c314	860002504	CIA DE SEGUROS DE VIDA SKANDIA	AVE 19 # 113 -30	6193319	N/A	2016-05-09 08:08:25	860002504	11001	23	21	27	22	\N	POS	\N
141f871b-dd77-4a75-b1c2-23dffa60ca2a	860005215	CICOLAC S.A	CRA 10 #72-33 PISO 6	2125800	N/A	2016-05-10 08:08:25	860005215	11001	23	21	27	22	\N	POS	\N
cb807813-a68e-4431-84e1-a115f35b83fb	860026518	CIGNA SEGUROS DE COLOMBIA	CALLE 72 # 10-51 PISO 8	2127177	N/A	2016-05-11 08:08:25	860026518	11001	23	21	27	22	\N	POS	\N
83ca9b71-468c-4491-91fc-19236a407eae	860010518	CLINICA DAVID RESTREPO	CALLE 61 CON 10	2486147	N/A	2016-05-12 08:08:25	860010518	11001	23	21	27	22	\N	POS	\N
f294b8a7-be50-40c3-bea1-b50e7e4caa30	830019225	CLINICA NUEVA VIDA	CALLE 86A N 15-22	6163057	N/A	2016-05-13 08:08:25	830019225	11001	23	21	27	22	\N	POS	\N
c26d52aa-04d3-42e6-ae27-d9c20d4a6448	830079672	CONSORCIO FISALUD	KRA 13 NO 28  13	0	N/A	2016-05-15 08:08:25	830079672	11001	23	21	27	22	\N	POS	\N
1f2b9dc4-2ffb-4029-a4e8-751668fd8ee0	860007395	CORPORANONIMAS	AVE DORADO # 46-80	2220566	N/A	2016-05-16 08:08:25	860007395	11001	23	21	27	22	\N	POS	\N
3d4bade5-4b2b-4d15-8a31-6b915395a483	860055083	CORSALUD ASISTENCIA MEDICA INT	CRA 14 # 95-22	2564748	N/A	2016-05-17 08:08:25	860055083	11001	23	21	27	22	\N	POS	\N
de7b290d-b05a-4dba-87e0-b99496c2d177	800149445	CREAR SALUD S.A	CALLE 97 # 23-60	6168064	N/A	2016-05-18 08:08:25	800149445	11001	23	21	27	22	\N	POS	\N
86ff3e44-588a-4c90-8072-82247fffe681	67894	CUARTO PISO	CRA 21 # 90-17 PISO 4	6109021	N/A	2016-05-19 08:08:25	67894	11001	23	21	27	22	\N	POS	\N
8bf211bb-e45c-4b9f-acd1-35a30680dfe7	800078622	DIGICON GEOPHYSICAL CORP.	CRA 9A # 96-19	2187730	N/A	2016-05-20 08:08:25	800078622	11001	23	21	27	22	\N	POS	\N
31ab7fd1-b7a4-48c8-b40c-0579529b834d	800127962	ABENOZA ACOSTA Y URIBE MEDICOS	CARRERA 16 NO.84A-09 CON. 623	6217453	N/A	2016-05-03 15:16:31	800127962	11001	23	21	27	22	\N	\N	\N
6e2be977-c555-4e40-a469-95f7f3bcd33b	800199484	ADMINISTRADORA CENTURION LTDA	CRA 7 # 71-52 OF. 603	3120291	N/A	2016-05-03 15:21:36	800199484	11001	23	21	27	22	\N	\N	\N
90986e5d-ea10-4c40-8938-bffffd22c062	860354300	AIMES LTDA	AVENIDA 116 # 24-03	2158621	N/A	2016-05-03 15:23:51	860354300	11001	23	21	27	22	\N	\N	\N
5c56b6ba-fac2-42b3-9a45-11f91373642f	800059758	ALMACEN SABOY	CORABASTOS BODEGA 9 LOCAL 1	4537574	N/A	2016-05-03 15:25:11	800059758	11001	23	21	27	22	\N	\N	\N
60618967-1f7f-4731-b1b2-158d0d246cf6	900012038	MEDICOS Y AUDITORES S.A.S	MANGA  AVENIDA 4 27-20	6431963	N/A	2016-04-27 08:08:25	900012038	11001	23	21	27	22	\N	\N	\N
8ff17e05-e6dd-4f30-8b35-26c1294f0e59	900178724	MEDPLUS  MP	CARRERA 14 NO. 93B-15	5938111	N/A	2016-04-27 08:08:25	900178724	11001	23	21	27	22	\N	\N	\N
168b900c-6f5d-441b-8c8f-8badb2b1f9f5	860002130	NESTLE DE COLOMBIA S.A.	TV 18 96 41	0	N/A	2016-04-27 08:08:25	860002130	11001	23	21	27	22	\N	\N	\N
1b0503b0-c317-4fb7-a14f-c4c684539fe4	860008207	OCCIDENTAL DE COLOMBIA Y/O DE	CALLE 77A # 11-32 PISO 7	3460111	N/A	2016-04-27 08:08:25	860008207	11001	23	21	27	22	\N	\N	\N
a25a2a64-c7eb-4b3c-b6ae-7cc97950656b	860529116	PETR.INTER.SA.BRASP.Y/O ISAZA	K 11A 90-15 602	6106564	N/A	2016-04-27 08:08:25	860529116	11001	23	21	27	22	\N	\N	\N
4fba2142-eb6d-41d3-8eeb-22814ff321dd	860011153	POSITIVA COMPA?IA DE SEGUROS A	AUTOPISTA CON 95	2324673	N/A	2016-04-27 08:08:25	860011153	11001	23	21	27	22	\N	\N	\N
736b9f42-517d-4aa3-b13f-70c98479de04	830007274	POTENCIAL HUMANO SAS	\N	4930505	N/A	2016-04-27 08:08:25	830007274	11001	23	21	27	22	\N	\N	\N
34a8ef64-0bc4-47dd-a566-e64082c05456	900640334	AXA COLPATRIA MEDICINA PERPAGA	CARRERA 15 NO.104	6538400	N/A	2016-04-27 08:08:25	900640334	11001	23	21	27	22	\N	\N	\N
aad3bb5e-8d3e-4764-95fd-4523105f1bfd	860512237	COLPATRIA SALUD EPS	AVENIDA 19 # 114-65 PISO 2-3	400381	N/A	2016-04-27 08:08:25	860512237	11001	23	21	27	22	\N	\N	\N
90edbc50-140d-4e45-8cac-b546f9d7c951	600140611	DPTO DE POLICIA CUNDINAMARCA	CARRERA 62 NO. 12 58 INT 9	2600724	N/A	2016-04-27 08:08:25	600140611	11001	23	21	27	22	\N	\N	\N
513f2459-4348-4dfa-83e2-b14a833615de	860006632	FONDO DE EMPLEADOS DE LA IBM	CARRERA 34 # 101A -07	0	N/A	2016-04-27 08:08:25	860006632	11001	23	21	27	22	\N	\N	\N
fb7473b9-2b76-44e2-a953-7d0f018291c3	830019181	PRICE WATERHOUSE CONSULTORES D	CALLE 100 N. 11A - 35 PISO 7	6340555	N/A	2016-04-27 08:08:25	830019181	11001	23	21	27	22	\N	\N	\N
1686b1af-a302-4f0c-a9a3-3c21c4952403	830040087	RED SALUD PROM Y PREV IPS S.A.	CARRERA 16 NO. 86A-15	6184517	N/A	2016-04-27 08:08:25	830040087	11001	23	21	27	22	\N	\N	\N
ac840fdf-8f41-4499-8ba8-5b77de44068a	270805560	VANBREDA INTERNATIONAL	PO BOX 69 2140 ANTWERPEN BELGI	3232176572	N/A	2016-04-27 08:08:25	270805560	11001	23	21	27	22	\N	\N	\N
c2b9b4b1-66a2-49dd-9b9e-5ba6a25ca4e1	801572367	VIP UNIVERSAL MEDICAL INSURANC	CALLE 122	2142766376	N/A	2016-04-27 08:08:25	801572367	11001	23	21	27	22	\N	\N	\N
6d51cc0e-8817-4635-bee1-d825e1276a48	860045758	ZAMBON COLOMBIA S.A.	CALLE 124 NO. 35 15 PISO 3	6198547	N/A	2016-04-27 08:08:25	860045758	11001	23	21	27	22	\N	\N	\N
fb4417be-d095-45ed-be52-e95b02150e70	860005224	BAVARIA	CALLE 94 7A -47	3477172	N/A	2016-04-27 08:08:25	860005224	11001	23	21	27	22	\N	\N	\N
009503f5-6af5-4abb-bcfe-7243e7516d7d	800226175	RIESGOS PROFESIONALES COLMENA	Avenida El Dorado No. 69C - 03	3241111	N/A	2016-04-27 08:08:25	800226175	11001	23	21	27	22	\N	\N	\N
5d709877-f430-4627-a728-bb83b0261978	800250119	SALUDCOOP EPS	Avenida 13 #109-20	6001050	N/A	2016-04-27 08:08:25	800250119	11001	23	21	27	22	\N	\N	\N
7d6b0669-ba97-497f-9b01-af6ab65d2e87	817000823	FRIOMIX DEL CAUCA S.A.	CARRERA 94 NO. 42-94	2942800	N/A	2016-04-27 08:08:25	817000823	11001	23	21	27	22	\N	\N	\N
99b90537-ebc7-4bb2-959a-3c4b3fbe35d2	860009174	SEGUROS DE VIDA DEL ESTADO S.A	Carrera 11 No. 90 - 20	2183018	N/A	2016-04-27 08:08:25	860009174	11001	23	21	27	22	\N	\N	\N
0e45ec95-631b-4eb6-89b8-c08590a4a41b	860009578	SEGUROS DEL ESTADO SOAT	CARRERA 11 # 90-20	2186977	N/A	2016-04-27 08:08:25	860009578	11001	23	21	27	22	\N	\N	\N
d4ea0afd-7773-4dce-8c28-d767b7130bf9	860010170	GENERALI COL. VIDA CIA SEG. S.	CRA 10 # 28-49 PISO 7	2339488	N/A	2016-04-27 08:08:25	860010170	11001	23	21	27	22	\N	\N	\N
c7e67a30-141a-4b6a-b2e7-cbb5637b4fbe	860020082	SOCIEDAD COLOMBIANA DE ANESTES	CARRERA 21	6216694	N/A	2016-04-27 08:08:25	860020082	11001	23	21	27	22	\N	\N	\N
84ca9839-7d15-4666-9db2-37b34566be92	802006279	GYNOPHARM	AVENIDA 9 NO. 126-30	5230027	N/A	2016-04-27 08:08:25	802006279	11001	23	21	27	22	\N	\N	\N
e76a80a5-e271-4f7b-970a-497395db63e8	800087750	HUMANA CIA DE ASISTENCIA MEDIC	CRA 16 # 82-63	2361216	N/A	2016-04-27 08:08:25	800087750	11001	23	21	27	22	\N	\N	\N
42c96cb3-afae-4e8a-98e7-93e38369ed49	800163680	INGENIERIA DE SERVICIOS	CRA 37 # 62-85	3117325	N/A	2016-04-27 08:08:25	800163680	11001	23	21	27	22	\N	\N	\N
1edefb24-1182-4d44-aadb-aa4d75e51c4c	800200934	TETRA PAK LIMITADA	CALLE 100 NO.8A-55 TORRE C	6211005	N/A	2016-04-27 08:08:25	800200934	11001	23	21	27	22	\N	\N	\N
840e1c41-38fd-495d-ba5f-84cedead5f05	830001007	UNIDAD MEDICA DE DIAGNOSTICO S	93 CON 18	6161811	N/A	2016-04-27 08:08:25	830001007	11001	23	21	27	22	\N	\N	\N
eb7c7b44-096d-47ca-baaf-e21bcc038999	804009476	V.I.P. LTDA.	CARRERA 33 NO. 52-18	6436306	N/A	2016-04-27 08:08:25	804009476	11001	23	21	27	22	\N	\N	\N
798f3c60-ba4b-4055-a51d-6bba763372ae	800142965	VIVIR MEDICINA PREPAGADA	CALLE 82 CARRERA 19	2363574	N/A	2016-04-27 08:08:25	800142965	11001	23	21	27	22	\N	\N	\N
4013445e-8d54-4e07-a604-55dc3f8a332c	830004764	INS. SALUD FUERZAS MILITARES	CRA 10 # 26-71 TORRE SUR P.7	363215	N/A	2016-04-27 08:08:25	830004764	11001	23	21	27	22	\N	\N	\N
d2d03fbd-beff-41dc-b833-b74e1902d0fb	2775475	LABORATORIOS CENTROQUIMICA	MEDELLIN CALLE 74 # 50B-56	2630743	N/A	2016-04-27 08:08:25	2775475	11001	23	21	27	22	\N	\N	\N
6334d532-6cff-4e9c-a8a5-7da57babb6e4	899999082	E.E.E.B	CALLE 13 # 37-35	2378951	N/A	2016-05-21 08:08:25	899999082	11001	23	21	27	22	\N	POS	\N
d12140bd-d0b1-4e87-847b-60632152d55a	800204562	ECOCARBON LTDA	CARRERA 7 # 31-10 PISO 5	2873100	N/A	2016-05-22 08:08:25	800204562	11001	23	21	27	22	\N	POS	\N
c18c5710-730b-40a2-ba98-6f14e0644b17	900076383	APOYO A MUJERES CON ENFERMEDAD	\N	0	N/A	2016-05-03 15:27:58	900076383	11001	23	21	27	22	\N	\N	\N
37a7a65a-1e49-414d-ac9e-05abe672a069	860004974	ASEGURADORA GRANCOLOMBIANA DE	CRA 10 # 82-66	6181901	N/A	2016-05-03 15:29:37	860004974	11001	23	21	27	22	\N	\N	\N
f051101d-3ca5-4c46-8dd8-32bd72a595c0	805163875	EDIFARNI LTDA	CARRERA 31 NO 77 - 00	2402963	N/A	2016-05-23 08:08:25	805163875	11001	23	21	27	22	\N	POS	\N
cfb3cabe-3b17-4d34-845b-8bffd8ba453f	97792	EDUARDO ORTIZ HERRERA	CRA. 21 # 91-17	6161799	N/A	2016-05-24 08:08:25	97792	11001	23	21	27	22	\N	POS	\N
b8d4be21-64c6-4136-b26f-b64e3b7583d6	860504946	EMBOTELLADORA DEL HUILA S.A.	\N	0	N/A	2016-05-25 08:08:25	860504946	11001	23	21	27	22	\N	POS	\N
2fdefe20-d9b4-459a-9e18-3dfed893d763	890401109	EMBOTELLADORA ROMAN S.A.	CARRERA 94 42 - 94	2942800	N/A	2016-05-26 08:08:25	890401109	11001	23	21	27	22	\N	POS	\N
a15374e5-d5f9-40f5-93ef-8d97c340dcf4	860007638	EMP ENERGIA DE CUND.S.A.E S P.	CRA 10 # 24-49 PISO 3	3421566	N/A	2016-05-27 08:08:25	860007638	11001	23	21	27	22	\N	POS	\N
9d4fb66a-1fa5-4034-8181-71073bf303de	899999094	EMPRESA ACUEDUCTO E.A.A.B	CALLE 22C # 40 - 99	2696492	N/A	2016-05-28 08:08:25	899999094	11001	23	21	27	22	\N	POS	\N
bb9c3801-5a0f-428b-9cd0-66cec127dfe8	899999084	EMPRESA DE LICORES DE CUNDINAM	CARRERA 36 # 10-95	2377777	N/A	2016-05-29 08:08:25	899999084	11001	23	21	27	22	\N	POS	\N
62b07259-35f5-4d44-bd64-baccf8024bd1	860002426	EQUION ENERGIA LIMITED	CALLE 100 9A  45 PISO 3	0	N/A	2016-05-30 08:08:25	860002426	11001	23	21	27	22	\N	POS	\N
39624453-2dc4-4383-a99a-7d2fb0a24a89	860002184	AXA COLPATRIA SEGUROS S.A	CCLE. 93 N.-19-05 PISO 5	3364677	N/A	2016-04-27 08:08:25	860002184	11001	23	21	27	22	\N	\N	\N
2d8da7e0-420a-4600-803f-5a697e8d79d0	890480110	COMFAMILIAR CARTAGENA	AV ESCALLON DIG 35 #34-62 PISO	3002260976	N/A	2016-04-27 08:08:25	890480110	11001	23	21	27	22	\N	\N	\N
4489d078-f573-4f01-8213-476b2f0e2a25	800090823	EMBAJADA  E.E.U.U.	CARRERA 45 NO. 22 D - 45	3152139	N/A	2016-04-27 08:08:25	800090823	11001	23	21	27	22	\N	\N	\N
b87313de-7849-4b83-b2fe-9924e6a6a979	800000750	EUROCAN COLOMBIA INC.	CALLE 78 N.9-57 P10	2118918	N/A	2016-05-31 08:08:25	800000750	11001	23	21	27	22	\N	POS	\N
d9de9dfb-8b7c-431a-9031-f5c9370b6895	900094416	EVLT COLOMBIA LTDA.	\N	8609457	N/A	2016-06-01 08:08:25	900094416	11001	23	21	27	22	\N	POS	\N
bda40044-532b-455a-9992-abcf560bb701	860007538	FEDERACION NACIONAL DE CAFETER	2170600	0	N/A	2016-06-02 08:08:25	860007538	11001	23	21	27	22	\N	POS	\N
963f5943-120d-4296-9f73-6cda70706424	860531315	FIDEICOMISO ADM.DOW-DELIMA	\N	0	N/A	2016-06-03 08:08:25	860531315	11001	23	21	27	22	\N	POS	\N
43ef3b43-19c1-4560-a59f-e6d613c50a12	860002527	AGRICOLA DE SEGUROS	CRA 11 NO. 93-46 PISO 7-8-9	6463060	N/A	2016-04-27 08:08:25	860002527	11001	23	21	27	22	\N	\N	\N
a8c41f93-ba4c-4652-81a9-74baba3bb76e	860002398	METLIFE COLOMBIA SEGUROS DE VI	CARRERA 7 N. 99 53	6388240	N/A	2016-04-27 08:08:25	860002398	11001	23	21	27	22	\N	\N	\N
8402316f-2802-4710-bb69-1e01f181578b	830005887	NATURAL SENSATION	CALLE 21 #  68-70	2626100	N/A	2016-04-27 08:08:25	830005887	11001	23	21	27	22	\N	\N	\N
4e82246e-2608-4ee2-b732-2beb65f653b3	830060436	ORGANON	CARRERA 21 NO. 91 - 40	4460877	N/A	2016-04-27 08:08:25	830060436	11001	23	21	27	22	\N	\N	\N
b0791707-66e9-4236-b23d-e8ac988bd8b9	800172476	PEDIATRAS CLINICOS	CARA 21 NRO. 91-17	6161799	N/A	2016-04-27 08:08:25	800172476	11001	23	21	27	22	\N	\N	\N
4dd66e80-dd8f-4534-9748-f4b453ad250d	830004748	PRICE WATERHOUSE COOPERS INFOR	CALLE 10 N. 11A 35 PISO 5	6340555	N/A	2016-04-27 08:08:25	830004748	11001	23	21	27	22	\N	\N	\N
8ded41a7-c18c-4aef-909b-fd337536dff4	860002062	PRICE WATERHOUSE COOPERS LTDA	CALLE NO. 11A-35 PISO 5	6340555	N/A	2016-04-27 08:08:25	860002062	11001	23	21	27	22	\N	\N	\N
8e244de0-a40a-4a84-8c73-40f4e2eff375	860002534	QBE SEGUROS S.A.	CARRERA 7 N 76 35	2335566	N/A	2016-04-27 08:08:25	860002534	11001	23	21	27	22	\N	\N	\N
ee977804-e347-4118-8ba9-52d69563309f	830113831	ASISTENCIA ALIANSALUD EPS	Avenida Eldorado #69C-03 P-3	7565656	N/A	2016-04-27 08:08:25	830113831	11001	23	21	27	22	\N	\N	\N
99d9ed34-4660-4445-ae8b-5b844beff06b	24	COOMEVA MEDICINA PREPAGADA S.A	\N	123	N/A	2016-04-27 08:08:25	24	11001	23	21	27	22	\N	\N	\N
2522ffef-bd42-4ba8-beda-aebff053c1a6	27	E.P.S. FAMISANAR PREFEREN	\N	123	N/A	2016-04-27 08:08:25	27	11001	23	21	27	22	\N	\N	\N
3e67d635-51f2-40cd-a2a1-e4b7b3d61541	38	SEGUROS DE VIDA COLPATRIA S.A.	\N	123	N/A	2016-04-27 08:08:25	38	11001	23	21	27	22	\N	\N	\N
e645e0a6-ac97-4ef0-9236-34b0d2d431da	42	SEGUROS BOLIVAR	\N	123	N/A	2016-04-27 08:08:25	42	11001	23	21	27	22	\N	\N	\N
1c2c94c1-cfac-45d5-8cc2-28a0ec001dcf	149497	ALLIANZ WORLWIDE CARE LIMITED	20 D BECKETT WAY PARK WEST B	5715310235	N/A	2016-04-27 08:08:25	149497	11001	23	21	27	22	\N	\N	\N
2aaffde0-906b-4d1c-87cc-7fecf61517fa	800163827	ANDIASISTENCIA	\N	6354646	N/A	2016-04-27 08:08:25	800163827	11001	23	21	27	22	\N	\N	\N
2b717c2f-a07a-4ab6-ba20-81383437eb65	860000753	BOEHRINGER INGELHEIM S.A.	CARRERA 21 9117	6161799	N/A	2016-04-27 08:08:25	860000753	11001	23	21	27	22	\N	\N	\N
4014d0f3-cfac-42f3-bc2d-002cd442823b	860026442	BRAUN MEDICAL	CALLE 44 NO 8-08	3380055	N/A	2016-04-27 08:08:25	860026442	11001	23	21	27	22	\N	\N	\N
7dd873df-e8fd-430c-a008-f2b575e9385a	860002428	BRISTOL MYERS SQUIBB	CALLE 34 NO. 6 03	2328020	N/A	2016-04-27 08:08:25	860002428	11001	23	21	27	22	\N	\N	\N
785c9872-73d2-4f5a-bb28-464d84fcf9f9	860013570	CAJA COMPENSACION FLIAR CAFAM	Carrera 48 F No. 96 - 50	6176400	N/A	2016-04-27 08:08:25	860013570	11001	23	21	27	22	\N	\N	\N
77a45e1d-a6fb-4e6f-a622-18a102427a0f	800106339	COLMEDICA MEDICINA PREPAGADA S	CALLE 63 # 30-76	2491871	N/A	2016-04-27 08:08:25	800106339	11001	23	21	27	22	\N	\N	\N
01a9961c-1b82-4923-93ac-c2874a97cf0a	860005219	COLPET	CALLE 37 NO. 8 -43 PISO 2	2345462	N/A	2016-04-27 08:08:25	860005219	11001	23	21	27	22	\N	\N	\N
0edc9914-df74-4e88-8f10-76cb31b0a522	860034313	DAVIVIENDA	CARRERA 10 NO. 28 49 PISO 6	2841608	N/A	2016-04-27 08:08:25	860034313	11001	23	21	27	22	\N	\N	\N
62fc63ed-057b-4d56-889a-3c129b5dbbe4	860008040	EMESFAO	CARRERA 21 NO. 91-17 PISO 4	66109021	N/A	2016-04-27 08:08:25	860008040	11001	23	21	27	22	\N	\N	\N
0af246c3-b50b-4f1a-a1fc-d976c7ce2e74	20031144	EURO-CENTER HOLDING	RUAMEXICO3-1601-CENTRO RIO DE	0	N/A	2016-04-27 08:08:25	20031144	11001	23	21	27	22	\N	\N	\N
8e5cdf92-3859-4904-80f9-5b6370bb74aa	2222222221	EUROPEAN BENEFITS ADMINISTRATO	940 6TH AVE SW  SUITE 1100 T2P	0	N/A	2016-04-27 08:08:25	2222222221	11001	23	21	27	22	\N	\N	\N
79b3d4be-074d-4ba1-83f0-1dd19ea72c83	860002554	EXXONMOBIL DE COLOMBIA S.A.	CALLE 90 NO. 21 - 32	8102630	N/A	2016-04-27 08:08:25	860002554	11001	23	21	27	22	\N	\N	\N
24b73d0a-ba07-433c-b30d-23a7ce822e7f	860025111	FEDEA*A	CARRERA 103 NO. 47 - 85	4138755	N/A	2016-04-27 08:08:25	860025111	11001	23	21	27	22	\N	\N	\N
8a82bb6c-8fc0-4b9d-9997-612bf4b154dd	800246953	FONDO FINANCIERO DISTRITAL DE	CARRERA 32 NO. 12 81	3649090	N/A	2016-04-27 08:08:25	800246953	11001	23	21	27	22	\N	\N	\N
dc8e85dc-52be-43bf-bf2b-895c038a18fa	62	ALLIANZ SEGUROS DE VIDA S.A. 2	PARQUE BAVARIA	5600601	N/A	2016-04-27 08:08:25	62	11001	23	21	27	22	\N	\N	\N
6028d63c-b984-4e69-b6c1-c50148915ee5	860027404	ALLIANZ SEGUROS DE VIDA S1	Carrera 13 No 29 - 24	712183018	N/A	2016-04-27 08:08:25	860027404	11001	23	21	27	22	\N	\N	\N
cb3d82d0-d470-4611-ba71-f3e6af93f64b	890937981	SANCELA S.A.	\N	0	N/A	2016-04-27 08:08:25	890937981	11001	23	21	27	22	\N	\N	\N
6f38ea93-6c60-4759-8346-02dcd1238f6e	900098476	FUNDACION HOSPITAL INFANTIL UN	CARRERA 30 CALLE 68	3212409104	N/A	2016-04-27 08:08:25	900098476	11001	23	21	27	22	\N	\N	\N
28393860-b17e-4ca2-90f1-233662d2787d	860007373	FUNDACION HOSPITAL SAN CARLOS	\N	1233321	N/A	2016-04-27 08:08:25	860007373	11001	23	21	27	22	\N	\N	\N
b79ac6b4-19a2-488f-bbb6-8c9239ff8721	800246382	SANOFI WINTRHOP	\N	0	N/A	2016-04-27 08:08:25	800246382	11001	23	21	27	22	\N	\N	\N
9fa21e3c-f783-4634-a894-99de3d6f253c	900320612	SAP COLOMBIA S.A.S	CALLE 113  7 - 45	571600300	N/A	2016-04-27 08:08:25	900320612	11001	23	21	27	22	\N	\N	\N
c1ccc510-5200-44e6-99f3-cc9395d17319	800037262	SCHERING PLOUGH S.A.	\N	0	N/A	2016-04-27 08:08:25	800037262	11001	23	21	27	22	\N	\N	\N
22a14f48-42ed-4c7c-8ccb-84d96e211d75	890903790	SEGUROS DE VIDA SURAMERICANA S	CALLE 93 CARRERA 13	6234959	N/A	2016-04-27 08:08:25	890903790	11001	23	21	27	22	\N	\N	\N
a293474d-4e57-4e79-a08b-aeb2a8eeca29	890903407	SURA. SOAT	CALLE 72 # 8-71	2433731	N/A	2016-04-27 08:08:25	890903407	11001	23	21	27	22	\N	\N	\N
6bd7aeb0-ae8f-48db-90c4-398e20f594bf	800026130	SYNTHELABO	\N	0	N/A	2016-04-27 08:08:25	800026130	11001	23	21	27	22	\N	\N	\N
17963704-4bcc-48b0-bdd2-b78a658f39c2	860527377	GENERAL MEDICA DE COLOMBIA S.A	CALLE 103 NO.15-10	6111288	N/A	2016-04-27 08:08:25	860527377	11001	23	21	27	22	\N	\N	\N
c7b6e17d-4637-49a1-b82b-5252a5076b2f	860070024	TONCHALA	\N	0	N/A	2016-04-27 08:08:25	860070024	11001	23	21	27	22	\N	\N	\N
e6beda0a-a9fe-4b57-8797-3bb244134a29	860350543	TOP MEDICAL SYSTEMS S.A.	\N	0	N/A	2016-04-27 08:08:25	860350543	11001	23	21	27	22	\N	\N	\N
642844dd-269e-49af-b2f0-4bda5b0f23e6	800232042	GENTRONICS	\N	0	N/A	2016-04-27 08:08:25	800232042	11001	23	21	27	22	\N	\N	\N
288dfecf-4d2f-47f8-a0e3-0d0078c58a12	890105361	UNIVERSIDAD METROPOLITANA	CALLE 76 N. 42 - 78	3686575	N/A	2016-04-27 08:08:25	890105361	11001	23	21	27	22	\N	\N	\N
e4a37d15-1f79-4a2d-a60e-63e3024efa74	860006271	GRUNENTHAL COLOMBIANA S.A.	\N	0	N/A	2016-04-27 08:08:25	860006271	11001	23	21	27	22	\N	\N	\N
4990255f-6684-41ff-abea-0d82304cbbae	900175697	CENTRO DE ORTOPEDIA Y TRAUMATO	AVENIDA 15 124-47 EDIFICIO AGO	6124882	N/A	2016-04-27 08:08:25	900175697	11001	23	21	27	22	\N	\N	\N
6a82976c-7776-4882-8ec4-f8c832e5ec37	890929877	COMPASS GROUP SERVICES COLOMBI	CARR19C 91-17	0	N/A	2016-04-27 08:08:25	890929877	11001	23	21	27	22	\N	\N	\N
5383fd1f-635f-4ed9-b821-c9064a3e0f19	255555555	DAVIDSHIELD	8a HALZORANST. POLEG BUSINESS	80011609	N/A	2016-04-27 08:08:25	255555555	11001	23	21	27	22	\N	\N	\N
06eacb3d-424c-4860-898b-be25d8034b46	800006150	EMCOSALUD  EMPRESA COOPERATIVA	CALLE 146 37- 18 PISO 3	3163930902	N/A	2016-04-27 08:08:25	800006150	11001	23	21	27	22	\N	\N	\N
634e1ee0-f759-4f34-a553-1e27cd2751e9	8605313151	FIDEICOMISO ESSO-DELIMA	AVENIDA EL DORADO 69A51	4124111	N/A	2016-06-04 08:08:25	8605313151	11001	23	21	27	22	\N	POS	\N
073d7e68-8c84-4c17-b279-0ee92ed47579	860525148	FIDUCIARIA LA PREVISORA S.A	CALLE 72 # 10 -03	3100111	N/A	2016-06-05 08:08:25	860525148	11001	23	21	27	22	\N	POS	\N
2b3d44fd-f3fe-4255-b2d6-a2c985571fb2	830010337	HOECHST MARION ROUSSEL S.A.	\N	0	N/A	2016-04-27 08:08:25	830010337	11001	23	21	27	22	\N	\N	\N
ac94fc77-4983-4e3c-acfb-fadcd81587d8	900047282	FIDUFOSYGA CONSORCIO	CARRERA 7 32-39	6058777	N/A	2016-06-06 08:08:25	900047282	11001	23	21	27	22	\N	POS	\N
4e889779-5282-40c3-b6c1-fe7e6480f162	860007636	FLOTA MERCANTE GRANCOLOMBIANA	CRA 13 # 27-75	2860200	N/A	2016-06-07 08:08:25	860007636	11001	23	21	27	22	\N	POS	\N
cfad5d2e-775b-4b79-b717-1d2b22b2a1a8	800149384	CLINICA REINA SOFIA	AUTO NORTE CALLE 127	6252111	N/A	2016-04-27 08:08:25	800149384	11001	23	21	27	22	\N	\N	\N
66a5c5cb-cf55-4ea8-9acd-d88656a64b43	800223979	INSSPONAL	\N	2697611	N/A	2016-04-27 08:08:25	800223979	11001	23	21	27	22	\N	\N	\N
a4087dc7-e0ed-4374-8c83-a9818ae22483	890101553	JANSSEN CILAG S.A.	CALLE 94A N. 13 - 74  P. 5	6367363	N/A	2016-04-27 08:08:25	890101553	11001	23	21	27	22	\N	\N	\N
cf875f40-a125-4ab6-a674-d44fc398ded4	890101815	JOHNSON Y JHONSON	\N	0	N/A	2016-04-27 08:08:25	890101815	11001	23	21	27	22	\N	\N	\N
0d415a5d-b14f-4a92-b072-c50f2e2acca3	860002400	LA PREVISORA S.A	\N	980010554	N/A	2016-04-27 08:08:25	860002400	11001	23	21	27	22	\N	\N	\N
b4ef3fdc-aabf-41b2-b4d2-e53ea7259de8	800045311	LABORATORIOS BEST S.A.	\N	6161799	N/A	2016-04-27 08:08:25	800045311	11001	23	21	27	22	\N	\N	\N
dd013c9d-1007-41f5-8335-d016c0344683	860531602	LABORATORIOS LEGRAND S.A.	\N	7566666	N/A	2016-04-27 08:08:25	860531602	11001	23	21	27	22	\N	\N	\N
55aa13df-8cee-44ba-951b-6cb297997ac7	860002394	LABORATORIOS WYETH INC	AV. SUBA (CRA. 38) #95-66	0	N/A	2016-04-27 08:08:25	860002394	11001	23	21	27	22	\N	\N	\N
43cbf78d-e6bd-4701-b5ba-39e614e15418	850301463	LAFRANCOL	\N	123	N/A	2016-04-27 08:08:25	850301463	11001	23	21	27	22	\N	\N	\N
b0d9f704-cb79-441c-90fb-2fa25c0bd51f	800220285	LAVANSER S.A.	CR51 71-18	2501327	N/A	2016-04-27 08:08:25	800220285	11001	23	21	27	22	\N	\N	\N
962f6b41-93f4-4e07-b287-1d7c0deee6d0	830072188	MEDICOS DEL HOGAR	AV 13 # 80 60 OF 302	6798677	N/A	2016-04-27 08:08:25	830072188	11001	23	21	27	22	\N	\N	\N
34382446-83ca-4ebe-80c3-791be4e63292	890301463	PAULY	\N	0	N/A	2016-04-27 08:08:25	890301463	11001	23	21	27	22	\N	\N	\N
b931d7d5-4a58-4f96-ac48-85e9292f0b7b	830052821	MINERCOL	\N	0	N/A	2016-04-27 08:08:25	830052821	11001	23	21	27	22	\N	\N	\N
7fe2b517-5821-4b56-8613-b13eaa63c9d7	860039561	PFIZER S.A	\N	0	N/A	2016-04-27 08:08:25	860039561	11001	23	21	27	22	\N	\N	\N
eb37b26a-7b06-4881-9480-bac704e50f06	860002538	NOVARTIS DE COLOMBIA S.A.	\N	0	N/A	2016-04-27 08:08:25	860002538	11001	23	21	27	22	\N	\N	\N
73276b9a-1eeb-4ee9-9b57-bc4a0a952ee3	900156264	NUEVA  EPS	Carrera 10 #64-28	0	N/A	2016-04-27 08:08:25	900156264	11001	23	21	27	22	\N	\N	\N
27e3eaaa-50b5-45b7-96fb-0739bb4a55bf	860038299	PAN AMERICAN LIFE DE COLOMBIA	CRA 7 # 75-09	2121300	N/A	2016-04-27 08:08:25	860038299	11001	23	21	27	22	\N	\N	\N
ae768a1d-1349-4876-94b4-3ffe6524eb0b	860047163	QUIRUMEDICAS LTDA	\N	0	N/A	2016-04-27 08:08:25	860047163	11001	23	21	27	22	\N	\N	\N
d6d9705d-9d7c-44c5-8bf1-5f4d6c3c1ba7	800075999	PHARMACIA INTER-AMERICAN CORPO	\N	0	N/A	2016-04-27 08:08:25	800075999	11001	23	21	27	22	\N	\N	\N
84945e0e-7d7a-4bd1-acc0-f31620fce168	800028714	PREGEN	\N	2135510	N/A	2016-04-27 08:08:25	800028714	11001	23	21	27	22	\N	\N	\N
92709c97-945f-48b1-9671-a373a9266e17	890106527	PROCAPS	\N	0	N/A	2016-04-27 08:08:25	890106527	11001	23	21	27	22	\N	\N	\N
6805f2da-cc9c-4143-97f2-cc863c4a891e	87	INTERNATIONAL HEALTH INSURANCE	\N	123	N/A	2016-04-27 08:08:25	87	11001	23	21	27	22	\N	\N	\N
03e55975-b349-4b79-81e6-e46bdb3da507	860002955	RHONE POULENC	\N	2907799	N/A	2016-04-27 08:08:25	860002955	11001	23	21	27	22	\N	\N	\N
73dde046-ee4a-435d-925e-206c0d8c8f94	860002134	ABBOTT LABORATORIES DECOLOMBIA	\N	123	N/A	2016-04-27 08:08:25	860002134	11001	23	21	27	22	\N	\N	\N
5bd8d616-c526-40f9-b9a8-f526df31d336	830005028	ADMINISTRADORA COUNTRY S.A.	\N	123	N/A	2016-04-27 08:08:25	830005028	11001	23	21	27	22	\N	\N	\N
346081c2-23fe-4ed2-a4b1-58c31cd9f6b8	860066942	COMPENSAR E.P.S.	AVE DORADO # 55B-48	2219888	N/A	2016-04-27 08:08:25	860066942	11001	23	21	27	22	\N	\N	\N
708e4716-d164-440b-8330-b9b765f91d86	800140949	CAFESALUD	CRA 11 # 69-17	172388	N/A	2016-04-27 08:08:25	800140949	11001	23	21	27	22	\N	\N	\N
13c6542b-06e0-4585-bb98-c75fecec22e2	860037013	CIA. MUNDIAL DE SEGUROS S.A.	CALLE 33  NO 6B 24 PISO2	2855600	N/A	2016-04-27 08:08:25	860037013	11001	23	21	27	22	\N	\N	\N
56f4542b-23f3-4460-a8be-5dda145f243d	830037248	CODENSA S.A.ESP	\N	6016060	N/A	2016-04-27 08:08:25	830037248	11001	23	21	27	22	\N	\N	\N
25f7583a-2cb9-4535-8bd9-2abba185e928	860078828	COLSANITAS	CALLE 93B # 16-32	6103311	N/A	2016-04-27 08:08:25	860078828	11001	23	21	27	22	\N	\N	\N
a80481df-a5fb-4a8f-a244-ef42852371e4	899999107	CONVIDA	CALLE 26 #47-73 P2	4269500	N/A	2016-04-27 08:08:25	899999107	11001	23	21	27	22	\N	\N	\N
9b1d58b6-6f9c-4a5b-a94c-055423adbb03	860068182	CORREVAL SOCIEDAD COMISIONISTA	\N	3394400	N/A	2016-04-27 08:08:25	860068182	11001	23	21	27	22	\N	\N	\N
d6c57b40-82cb-4326-9f22-117184031b47	830092718	DIAGNOSTICOS E IMAGENES S.A..	\N	0	N/A	2016-04-27 08:08:25	830092718	11001	23	21	27	22	\N	\N	\N
ba652693-c9a1-4270-b728-52392b815bcb	890302758	DISA S.A.	CALLE 90  CARRERA 21	3191300	N/A	2016-04-27 08:08:25	890302758	11001	23	21	27	22	\N	\N	\N
12654dcc-2d3c-445e-a043-ebaf6174ec69	890200976	EMBOTELLADORA SANTANDER S.A.	\N	0	N/A	2016-04-27 08:08:25	890200976	11001	23	21	27	22	\N	\N	\N
073fd979-93bb-46dc-8688-d112a4e5d900	899999115	EMPRESA DE TELECOMUNICACIONES	CARRERA 8 NO20-56	2846465	N/A	2016-04-27 08:08:25	899999115	11001	23	21	27	22	\N	\N	\N
d004c686-74b8-4d55-a1ca-bee7715017eb	8263091	AIG TRAVEL ASSIST	CARRERA 15 NO. 81-30 OFIC 307	4937575	N/A	2016-04-27 08:08:25	8263091	11001	23	21	27	22	\N	\N	\N
54e3df93-8e23-47c6-9bc0-32a2dd03471b	800075003	SANIDAD POLICIA AMAZONAS	CARRERA 11 NO. 12 -32	0985925061	N/A	2016-04-27 08:08:25	800075003	11001	23	21	27	22	\N	\N	\N
facb8616-c99c-431f-a503-5799f20152e5	830057903	ABS RED ASSIST CIA DE ASISTENC	CARRERA 7 N. 71-21	123	N/A	2016-04-27 08:08:25	830057903	11001	23	21	27	22	\N	\N	\N
82ac3d43-e8a5-43db-b949-84ed4ca6a803	444444444	SANUS HEALTH CORPORATION	5835 BLUE LAGOON DR. STE 201 M	5729756	N/A	2016-04-27 08:08:25	444444444	11001	23	21	27	22	\N	\N	\N
e35498de-8ac7-439d-8281-2b4cb9dbb6a7	830014061	AVENTIS PHARMA S.A.	KARREEA 21	6161799	N/A	2016-04-27 08:08:25	830014061	11001	23	21	27	22	\N	\N	\N
0fc5f682-3860-49f9-9567-a8fdd378b396	860031028	SIEMENS	CARRERA 65 NO. 11-83	2942362	N/A	2016-04-27 08:08:25	860031028	11001	23	21	27	22	\N	\N	\N
eeb30ce1-b153-4a60-a5f4-02cb7fa66ea1	800091063	BANCO INTERAMERICANO DE DESARR	CARRERA 7  71-21 TOR. BPISO 19	3257000	N/A	2016-04-27 08:08:25	800091063	11001	23	21	27	22	\N	\N	\N
8ea03236-c6ac-42f3-97c8-96f6f14897ea	804001273	SOLSALUD E.P.S.	CARRERA14 34-20	0	N/A	2016-04-27 08:08:25	804001273	11001	23	21	27	22	\N	\N	\N
d2b59ecc-be62-4983-a1e5-523cddee063b	900032582	UNIDAD DE FERTILIDAD FERTIVIDA	CALLE 90 CARRERA 21	6103239	N/A	2016-04-27 08:08:25	900032582	11001	23	21	27	22	\N	\N	\N
9f573129-18a7-4151-9403-d609d01fff69	60007538	FONDO DE ASISTENCIA SOCIAL FAS	CRA 9A # 73	2170600	N/A	2016-06-08 08:08:25	60007538	11001	23	21	27	22	\N	POS	\N
04de4a6d-de01-43ab-a329-f9f4b92956d4	890303992	FONDO DE SEGURIDAD SOCIAL GRAN	CALLE 39 # 16-45	2854994	N/A	2016-06-09 08:08:25	890303992	11001	23	21	27	22	\N	POS	\N
680cc9eb-d6da-4d1d-bf4b-bfe13f82f654	890203006	FONDO EMPLEADOS OXY DE COLOMBI	CARRERA 12 NO. 79 32 PIDO 5	3171585	N/A	2016-06-10 08:08:25	890203006	11001	23	21	27	22	\N	POS	\N
e94422a7-59d7-4dfd-9cad-6be900864a2b	830104989	CCE TECHNICAL SERVICES INC.	CARRERA13 NO. 93 - 12 4 PISO	6228522	N/A	2016-04-27 08:08:25	830104989	11001	23	21	27	22	\N	\N	\N
d8f95017-6e3a-4893-95eb-3e3af69fc7b4	860035992	FUNDACION CARDIOINFANTIL	CALLE 163A # 28-60	6776400	N/A	2016-06-11 08:08:25	860035992	11001	23	21	27	22	\N	POS	\N
ff7352fe-881f-49d3-a992-95e5074aac1f	860037950	FUNDACION SANTA FE DE BOGOTA	CALLE 119 NO. 7 - 75	6030303	N/A	2016-06-12 08:08:25	860037950	11001	23	21	27	22	\N	POS	\N
9e122328-2f3f-4582-a780-5ab8b6383afa	860002384	GLAXO WELLCOM	CARRERA 8 A 99 - 51	2186911	N/A	2016-06-13 08:08:25	860002384	11001	23	21	27	22	\N	POS	\N
2d046773-9657-4f94-b4e7-a3d710a0d327	900612531	GRUP.OPER CLIN HOSP OUTSO.S.AS	\N	8812760	N/A	2016-06-14 08:08:25	900612531	11001	23	21	27	22	\N	POS	\N
2f0b6035-6707-43aa-8285-3151d9cf8ce2	800206919	HORACIO HERMIDA Y CIA LTDA.	CARRERA 14 NO. 94A - 61	6218867	N/A	2016-06-15 08:08:25	800206919	11001	23	21	27	22	\N	POS	\N
4624671b-ef3f-4c63-9eb8-279a50e5ef82	860002120	IBM DE COLOMBIA S.A	KRA 34 # 101A-07	2181763	N/A	2016-06-16 08:08:25	860002120	11001	23	21	27	22	\N	POS	\N
3bbaeece-fcfb-4e59-8d86-47fcf74ceb27	830011193	IMAGENES SANTA BARBARA	\N	0	N/A	2016-06-17 08:08:25	830011193	11001	23	21	27	22	\N	POS	\N
cf5b0428-f4c5-4f14-9e3f-986ba71b9d32	800100610	INDUSTRIAL FARMACEUTICA UNION	\N	6161799	N/A	2016-06-18 08:08:25	800100610	11001	23	21	27	22	\N	POS	\N
6c69603d-3c4d-49c9-bc4a-95b4e6eb830f	899999088	INSTITUTO DE FOMENTO INDUSTRIA	CALLE 16 # 6-66 PISO 8	2435611	N/A	2016-06-19 08:08:25	899999088	11001	23	21	27	22	\N	POS	\N
62b80b37-74ad-47bc-8c4f-d280893ee2e8	830081465	INSTITUTO PARA LA CIRUGIA PLAS	CARRERA 21 NO. 90 - 30	5305925	N/A	2016-06-20 08:08:25	830081465	11001	23	21	27	22	\N	POS	\N
3db5c837-a3b1-4508-94d7-91851bf20d2f	860032463	KELT DE COLOMBIA	CALLE 71A N. 5-30	0	N/A	2016-06-21 08:08:25	860032463	11001	23	21	27	22	\N	POS	\N
820d9ae6-d339-4a71-a74a-2928c36cf81a	860037707	LA INTERAMERICANA CIA DE SEG.	CALLE 78 # 9-57	2102200	N/A	2016-06-22 08:08:25	860037707	11001	23	21	27	22	\N	POS	\N
2b74d4cb-5f1e-4aff-b3f3-2ad589c7d0bd	860002399	LA NACIONAL DE SEGUROS S.A	CALLE 28 # 13-22 PISO 3	2870711	N/A	2016-06-23 08:08:25	860002399	11001	23	21	27	22	\N	POS	\N
cefbef36-e4d2-4f6a-935d-018973ca34c5	890203194	LABORATORIOS CHALVER	\N	0	N/A	2016-06-24 08:08:25	890203194	11001	23	21	27	22	\N	POS	\N
79417f39-c1c7-4334-8db6-2baa220c3770	860521658	LASMO OIL(C/BIA)LTDY/OISAZA PO	CARRERA 11A NO. 90-15 OFC. 602	6106564	N/A	2016-06-25 08:08:25	860521658	11001	23	21	27	22	\N	POS	\N
f87e3d01-871d-4c6a-b457-bdee739efd7c	860003010	MALTERIA DE COLOMBIA	CALLE 69 NO. 7 - 21	2496646	N/A	2016-06-26 08:08:25	860003010	11001	23	21	27	22	\N	POS	\N
4ac487db-c581-422a-936d-48723ef92e86	860003108	MALTERIAS DE COLOMBIA	CALLE 94 NO. 7A 47	2201852	N/A	2016-06-27 08:08:25	860003108	11001	23	21	27	22	\N	POS	\N
f3799d2b-7500-41c9-8bbf-13367ee6dea7	900629181	MATERNUS FERTILIDAD S.A.S.	CARRERA 21A 124-55 OF 406	6190507	N/A	2016-06-28 08:08:25	900629181	11001	23	21	27	22	\N	POS	\N
17e48eba-92c2-4fb9-82b3-f4b34b040306	860519964	MEDISALUD.CIA.COLOM.MED.PREPAG	CRA 16 # 84A-09	2110509	N/A	2016-06-29 08:08:25	860519964	11001	23	21	27	22	\N	POS	\N
ab5920ec-3535-4bab-9eb0-68be18ec590a	60517534	NL INTERNATIONAL INC	TRANV. 21 # 103A-17	6186258	N/A	2016-06-30 08:08:25	60517534	11001	23	21	27	22	\N	POS	\N
1e096744-986a-4b16-b507-76bbbef7f17f	860053930	OCCIDENTAL DE COLOMBIA INC.	CALLE 77A #11-32	2171111	N/A	2016-07-01 08:08:25	860053930	11001	23	21	27	22	\N	POS	\N
b730e5c6-a874-4627-bc3f-e5b4174bf0ba	800251163	OLEODUCTO CENTRAL S.A OCENSA	CALLE 78 NO. 11 -17	3210088	N/A	2016-07-02 08:08:25	800251163	11001	23	21	27	22	\N	POS	\N
27f77c1a-a4e4-4a47-8d6a-f13f218e8118	890903858	PANAMCO COLOMBIA S.A.	CARRERA 94 NO. 42 - 94	4011435	N/A	2016-07-03 08:08:25	890903858	11001	23	21	27	22	\N	POS	\N
e628c6cd-e2d1-4cd9-9f36-4a364ea76d51	800244309	AXA ASISTENCIA COLOMBIA	CARRERA 11 NO. 82 - 01  PISO 4	6224066	N/A	2016-04-27 08:08:25	800244309	11001	23	21	27	22	\N	\N	\N
4636cf98-3952-4538-80af-b99a6c3e8809	830029578	SAP ANDINA Y DEL CARIBE C.A.EN	CALLE 113 7-45 TORRE B PISO 14	0	N/A	2016-07-04 08:08:25	830029578	11001	23	21	27	22	\N	POS	\N
d30aab7b-fadd-4188-b7c7-3f2d54e5693f	860503617	SEGUROS DE VIDA ALFA S.A.	Carrera 13 No. 27 - 47 Piso 22	2875911	N/A	2016-07-05 08:08:25	860503617	11001	23	21	27	22	\N	POS	\N
c2e787d4-42d1-4378-b92d-c96bd25f90f4	899999047	SEGUROS MEDICOS CAJA AGRARIA	CRA 19 # 84-41	0	N/A	2016-07-06 08:08:25	899999047	11001	23	21	27	22	\N	POS	\N
cc3a2037-4485-49aa-b2b6-d73e8f38d7e2	800211965	SERONO	CALLE 125 # 27-89 OFIC 501	6372139	N/A	2016-07-07 08:08:25	800211965	11001	23	21	27	22	\N	POS	\N
5696182b-013a-4989-9fcc-2a17663e838f	860034594	SERVICIOS MEDICOS COLPATRIA	CRA 19 # 92-61	6166199	N/A	2016-07-08 08:08:25	860034594	11001	23	21	27	22	\N	POS	\N
11096466-4111-4f93-a648-3ae71676a43b	860020292	SINDICATO TRABAJADORES COLMOTO	TRANSV. 34 # 51-24 SUR	2708334	N/A	2016-07-09 08:08:25	860020292	11001	23	21	27	22	\N	POS	\N
faed03bc-bf0f-4c1a-939e-176a902c2ad0	800176994	UNICEF	CALLE 72 10 71	3120090	N/A	2016-07-10 08:08:25	800176994	11001	23	21	27	22	\N	POS	\N
84b07c3c-3528-4ce0-a1ce-2fa47cd4db8e	860049972	UNID ORIENTAC.Y ASISTE. MATERN	CARRERA 17 NO.23 - 50	2850910	N/A	2016-07-11 08:08:25	860049972	11001	23	21	27	22	\N	POS	\N
25aa430b-bec2-4a96-be2f-aaccb45f033a	900342066	UNIDAD QUIRURGICA DEL CHICO	CARRERA 19C 90-59	5305925	N/A	2016-07-12 08:08:25	900342066	11001	23	21	27	22	\N	POS	\N
f66f6f25-2bf3-446b-86a5-7e2a015face1	860002518	UNILEVER ANDINA S.A.	CARRERA 46 # 13-18	3683866	N/A	2016-07-13 08:08:25	860002518	11001	23	21	27	22	\N	POS	\N
d03ccc21-7fe5-4d39-9e9f-0627a262bcb9	800140680	UNIMEC E.P.S	DIG 109  # 16-51	6203767	N/A	2016-07-14 08:08:25	800140680	11001	23	21	27	22	\N	POS	\N
541cd2b2-b5b4-4044-9839-73fa42172704	860450371	URIBE SANABRIA Y COMPA?IA LTDA	CARRERA 9 48 - 50 PISO 5	2452100	N/A	2016-07-15 08:08:25	860450371	11001	23	21	27	22	\N	POS	\N
41c89e84-6d31-4812-b5e8-7298fb41032e	860066093	VISION MUNDIAL INTERNACIONAL	CALLE 13 NO-6-82  P3	2860377	N/A	2016-07-16 08:08:25	860066093	11001	23	21	27	22	\N	POS	\N
74a357df-e9ce-4715-95b3-12d82f82b946	860001942	BAYER S.A.	CALLE 94 7A -47	123	N/A	2016-04-27 08:08:25	860001942	11001	23	21	27	22	\N	\N	\N
a2df62d3-d1f3-4213-92c8-98ccd5321ae6	830074184	SALUD VIDA EPS	CARRERA 31A NO. 25A-60	2687585	N/A	2016-04-27 08:08:25	830074184	11001	23	21	27	22	\N	\N	\N
522384eb-54ce-4945-b839-8b8ce6cfaad4	830037843	WINNER GROUP S.A.	CALLE10 21-32	6059444	N/A	2016-04-27 08:08:25	830037843	11001	23	21	27	22	\N	\N	\N
0f1f22b0-2110-4b44-9d04-6b12f55daabc	800141021	HELM FIDUCIARIA  ENCARGO FIDUC	CALLE 100 9A 45  PISO 3	6284526	N/A	2016-04-27 08:08:25	800141021	11001	23	21	27	22	\N	\N	\N
d4d12440-e53f-4df0-935a-29895f7fcac9	860090566	CLINICA DEL OCCIDENTE LTDA.	AV AMERICAS 71C 29	4254620	N/A	2016-04-27 08:08:25	860090566	11001	23	21	27	22	\N	\N	\N
11dec867-f3ec-4609-95c8-5f09ff57b18a	323377739	HENNER	\N	0	N/A	2016-04-27 08:08:25	323377739	11001	23	21	27	22	\N	\N	\N
7d7bc1ad-2dd3-40c5-a4a6-d43ba2667f2c	860351760	HOSPIMEDICS S.A.	AUTOPISTA NORTE CALLE 106	6209777	N/A	2016-04-27 08:08:25	860351760	11001	23	21	27	22	\N	\N	\N
3042a89e-98c7-4995-9244-b3a6fbca76a2	900106251	IKE ASISTENCIA COLOMBIA S.A.	CARRERA 9 NO. 74-08 OFC 1202	6337735	N/A	2016-04-27 08:08:25	900106251	11001	23	21	27	22	\N	\N	\N
98c46bd9-96b3-4f58-9bb2-3f2480416b02	830129393	INVERINMOBILI SAS	CALLE 61 13 23 OFC 305	3458091	N/A	2016-04-27 08:08:25	830129393	11001	23	21	27	22	\N	\N	\N
8123c318-fe1b-40d9-ac3b-d73aed42dbff	860039988	LIBERTY SEG.POLIZA	AV. 19 NO.113-30	2141200	N/A	2016-04-27 08:08:25	860039988	11001	23	21	27	22	\N	\N	\N
82dfd816-a7f2-4b14-bf18-bf77d6626dae	830054904	MAPFRE COLOMBIA VIDA SEGUROS S	CARRERA 14 96 34	3047024	N/A	2016-04-27 08:08:25	830054904	11001	23	21	27	22	\N	\N	\N
a80a8819-d34f-412a-b689-e3a08149bd0e	800072396	MECINTEC LTDA.	CARRERA 98 16 J-05 FONTIBON	2673348	N/A	2016-04-27 08:08:25	800072396	11001	23	21	27	22	\N	\N	\N
09131ca4-c1f3-4d38-aeb0-104fde5f1356	860066191	MEDICOS ASOCIADOS S.A.	CARRERA 39 2618	3350384	N/A	2016-04-27 08:08:25	860066191	11001	23	21	27	22	\N	\N	\N
8760f66d-095d-47f7-9012-2ebbc5ee9c49	122222222	MSH INTERNATIONAL	SUITE300,999-8TH STREET SW CAL	0	N/A	2016-04-27 08:08:25	122222222	11001	23	21	27	22	\N	\N	\N
62dd8e5b-7ab1-4f58-bc53-3de6ea49e3a3	244444444	NETWORK CARE ASSIST	10880NW 8TH.ST.PEMBROKE PINES.	9547627555	N/A	2016-04-27 08:08:25	244444444	11001	23	21	27	22	\N	\N	\N
d02622f0-3896-424f-87d2-b3cd803c71c1	830040455	PRICE WATERHOUSE COOPERS SERVI	CALLE 100 N. 11A - 35 PISO 3	6340555	N/A	2016-04-27 08:08:25	830040455	11001	23	21	27	22	\N	\N	\N
4497e434-641d-466b-bc46-fef655483a1d	860046645	PRICEWATERHOUSECOOPERS ASESORE	CALLE 100 NO. 11A 35 PISO 8	6340555	N/A	2016-04-27 08:08:25	860046645	11001	23	21	27	22	\N	\N	\N
0003033e-dc8b-4d3b-a54d-204a51867d7e	830096513	RED SALUD ATENCION HUMANA EPS	\N	4494940	N/A	2016-04-27 08:08:25	830096513	11001	23	21	27	22	\N	\N	\N
fd623fb1-d4c0-463f-81da-ae285ba6accf	137	CLINICA NUEVA VIDA	\N	123	N/A	2016-04-27 08:08:25	137	11001	23	21	27	22	\N	\N	\N
176b065d-d96e-4722-8d72-404571093fe0	163	COOMEVA MEDICINA PREPAGADA S.A	\N	123	N/A	2016-04-27 08:08:25	163	11001	23	21	27	22	\N	\N	\N
6f572503-56a4-43fd-a7ea-1e06b1b7c2cf	168	COLSUBSIDIO	\N	123	N/A	2016-04-27 08:08:25	168	11001	23	21	27	22	\N	\N	\N
d425f5a3-0697-4c1a-b0ec-a4e31a6d0f91	174	COOMEVA INTERNACIONAL	\N	123	N/A	2016-04-27 08:08:25	174	11001	23	21	27	22	\N	\N	\N
f998f0a6-9cb5-4322-98ae-f192cd459ae3	175	FAMISANAR POS	\N	123	N/A	2016-04-27 08:08:25	175	11001	23	21	27	22	\N	\N	\N
3eefd79d-ee4e-444d-877f-527ee6b8342f	181	MEDPLUS CAFE	\N	123	N/A	2016-04-27 08:08:25	181	11001	23	21	27	22	\N	\N	\N
8cae7c01-46ba-4eff-b945-5fc837c146f3	182	MEDPLUS CEREZA	\N	123	N/A	2016-04-27 08:08:25	182	11001	23	21	27	22	\N	\N	\N
2257249d-4e7f-4966-bd3b-2700a516a68b	233333333	AETNA INTERNATIONAL	\N	123	N/A	2016-04-27 08:08:25	233333333	11001	23	21	27	22	\N	\N	\N
03c21606-733d-46b0-a8e6-8eb07a885021	888888888	ALLIANZ GLOBAL ASSISTANCE	PO BOX 72016 RICHMOND VIRGINIA	123	N/A	2016-04-27 08:08:25	888888888	11001	23	21	27	22	\N	\N	\N
35215014-6ab2-4157-8fec-fd361a9192a3	666666666	BMI SERVICES INC	1320 S. DIXIE HIGHWAY, 6 FLOOR	3056684547	N/A	2016-04-27 08:08:25	666666666	11001	23	21	27	22	\N	\N	\N
ad4e4d6f-c040-4773-9fa0-73bf3f15b349	2889003	CEFES	\N	123	N/A	2016-04-27 08:08:25	2889003	11001	23	21	27	22	\N	\N	\N
75c8e4ef-601d-47a4-b515-05aaa926da52	800117564	CLINICA DE LA MUJER - E. ORTIZ	CRA 21 # 91-17	6161799	N/A	2016-04-27 08:08:25	800117564	11001	23	21	27	22	\N	\N	\N
627ff20f-d01a-4f7d-8869-1cb2c06d4ffe	860007336	COLSUBSIDIO	CARRERA 17  36 74	3550600	N/A	2016-04-27 08:08:25	860007336	11001	23	21	27	22	\N	\N	\N
10f77b91-482e-437d-ae0a-11e94b45e3d7	891180008	COMFAMILAR HUILA	\N	3113144505	N/A	2016-04-27 08:08:25	891180008	11001	23	21	27	22	\N	\N	\N
97ff4c5d-6b30-4c48-a88e-368c88a4a5ce	800053316	COMPAQ COMPUTER DE COLOMBIA LT	CARRERA 7 NO. 71-21 TORREB P12	3175202	N/A	2016-04-27 08:08:25	800053316	11001	23	21	27	22	\N	\N	\N
2853a9ea-f881-4688-a122-6fe4a1eab53d	830039670	DIRECCION SANIDAD NAVAL- ARMAD	AVENIDA CARACAS 66-24	3487030	N/A	2016-04-27 08:08:25	830039670	11001	23	21	27	22	\N	\N	\N
f4c53a9b-8d74-4621-8108-4d0b630f6ec2	111111111	DKV SEGUROS S.A.	\N	0	N/A	2016-04-27 08:08:25	111111111	11001	23	21	27	22	\N	\N	\N
442da475-77ec-453a-a4c9-1ca2d8e13959	830003564	E.P.S. FAMISANAR ELITE	CALLE 74 1420	6200500	N/A	2016-04-27 08:08:25	830003564	11001	23	21	27	22	\N	\N	\N
cb1fa8e4-05ae-466a-bd3a-6e8ef4640d94	899999068	ECOPETROL S.A	CRA 13  CALLE 38	2454629	N/A	2016-04-27 08:08:25	899999068	11001	23	21	27	22	\N	\N	\N
ebafcafa-1930-460a-8301-c23e19326e62	800090921	EMBAJADA DE ISRAEL	CALLE 35 NO. 7 25 PISO 14	2884637	N/A	2016-04-27 08:08:25	800090921	11001	23	21	27	22	\N	\N	\N
6ff3dfa9-b513-4305-8375-c1343e00079a	860028373	ESSO COLOMBIANA LIMITED	CRA 7 # 36-45	2852080	N/A	2016-04-27 08:08:25	860028373	11001	23	21	27	22	\N	\N	\N
f3d70fae-4f89-4c04-9caa-34e63190bd24	830120936	ANCLAJES Y CONSTRUCCIONES S AS	DIAGONAL 97  17-60 OFC 501	5226085	N/A	2016-04-27 08:08:25	830120936	11001	23	21	27	22	\N	\N	\N
cb465d95-ecb1-468d-bb40-c17e407a9730	817001773	ASOCIACION INDIGENA DEL CAUCA	\N	3155798395	N/A	2016-04-27 08:08:25	817001773	11001	23	21	27	22	\N	\N	\N
cc29006f-253d-4188-a856-bce06eb3e461	33653284069	AXA ASISTENCIA  ARGENTINA	CARRERA 65 81 -28	123	N/A	2016-04-27 08:08:25	33653284069	11001	23	21	27	22	\N	\N	\N
d2330678-8262-44ca-a065-f533f8f0a34e	80425085	RUIZ GNECCO SANTIAGO	\N	6105141	N/A	2016-04-27 08:08:25	80425085	11001	23	21	27	22	\N	\N	\N
cee16a9e-1005-4ba4-9627-59e23a525df5	9999999114	GEO BLUE	ONE RADNOR CORPORATE CENTER SU	0	N/A	2016-04-27 08:08:25	9999999114	11001	23	21	27	22	\N	\N	\N
757facf0-068a-477b-8dd9-48c3d17022e4	80426183	HEREDIA COMBARIZA NICOLAS	CARRERA 15 124-67	8050314	N/A	2016-04-27 08:08:25	80426183	11001	23	21	27	22	\N	\N	\N
976a6c1d-4eb0-4099-ada2-26df5c7769f0	860015888	HOSPITAL UNIVERSITARIO CLINICA	CALLE 8 NO.17-45 SUR	3202373	N/A	2016-04-27 08:08:25	860015888	11001	23	21	27	22	\N	\N	\N
552078b7-f2ff-4df4-a84e-7cc05915747d	800130907	SALUD TOTAL E.P.S.	Carrera 20 #109 -15	6296660	N/A	2016-04-27 08:08:25	800130907	11001	23	21	27	22	\N	\N	\N
b582ac5d-49e2-4ead-84b1-1551867728fc	900087850	SANZ Y CIA S.A.S.	CARRERA54D 134-21	5225388	N/A	2016-04-27 08:08:25	900087850	11001	23	21	27	22	\N	\N	\N
9dedb07e-8aa0-46cc-b6dd-375a91642564	806000179	HOTELES DECAMERON COLOMBIA S.A	CARRERA 11  94A  25	2193030	N/A	2016-04-27 08:08:25	806000179	11001	23	21	27	22	\N	\N	\N
df836037-e547-4430-8a86-5404ffaedf55	900537238	IFRS MASTERS COLOMBIA S.A.S.	CARRERA 11A 97A-19 OFICINA 408	6420508	N/A	2016-04-27 08:08:25	900537238	11001	23	21	27	22	\N	\N	\N
80e80b57-705d-4044-9d77-cdcc795b2c08	52570231	INTER PARTNER ASSISTANCE PREST	CARRERA 65 NO. 81-28 PARQUE EN	0	N/A	2016-04-27 08:08:25	52570231	11001	23	21	27	22	\N	\N	\N
d91ca5e7-0f57-44b2-9a09-dd4e8f499fbe	805001157	SERVICIO OCCIDENTAL DE SALUD S	AVEN DE LAS AMERICAS NO23 N-55	4898686	N/A	2016-04-27 08:08:25	805001157	11001	23	21	27	22	\N	\N	\N
da04ad1a-e7e0-441b-afa2-2927a86ddbf9	900475570	SI PLASTICA SAS	CALLE 91 19C 62  CONSUL. 505	6912830	N/A	2016-04-27 08:08:25	900475570	11001	23	21	27	22	\N	\N	\N
2249a80d-1b56-49b1-83ea-4ffcb23f885d	79940384	SOTO PAREJA RODRIGO FOCION	\N	6161799	N/A	2016-04-27 08:08:25	79940384	11001	23	21	27	22	\N	\N	\N
8d611724-60aa-4ce5-8597-11f1f4cd397a	899999063	UNIVERSIDAD NACIONAL DE COLOMB	CARR. 45 N. 26-85 ED URIE	3165000	N/A	2016-04-27 08:08:25	899999063	11001	23	21	27	22	\N	\N	\N
705c3bb4-965a-4790-b6cf-5b0c53422691	891700037	MAPFRE ESCOLAR	CRA 7 # 74-36	3454288	N/A	2016-04-27 08:08:25	891700037	11001	23	21	27	22	\N	\N	\N
55d4eec3-ce67-406e-847a-7e9cac31d1f8	021000021	US MARITIME CONSULTANTS	11400NORTH KENDALL DRIVE.SUITE	3052734466	N/A	2016-04-27 08:08:25	021000021	11001	23	21	27	22	\N	\N	\N
051b6908-00ad-46b9-9252-866724e45235	900403133	VERITAS COLOMBIA CONSULTORES S	CALLE 67 4A 15	3458065	N/A	2016-04-27 08:08:25	900403133	11001	23	21	27	22	\N	\N	\N
7c7415cd-5e16-46bf-8a82-1bfe29798a4c	900315100	XINGMEDICAL SAS	CALLE 74 75 27	3102361255	N/A	2016-04-27 08:08:25	900315100	11001	23	21	27	22	\N	\N	\N
9e2ae948-7df8-4ce2-80dc-da3733897f0d	900696138	MATERNUS REPRODUCCION HUMANA S	CARRERA 21A  124 55 CS 404	3104851969	N/A	2016-04-27 08:08:25	900696138	11001	23	21	27	22	\N	\N	\N
b62d7323-7f7c-403a-8bb9-b6ea254c5adc	800153424	MEDISANITAS S.A. COMPAÑIA MEDI	KRA 58 NRO. 72-105	6466060	N/A	2016-04-27 08:08:25	800153424	11001	23	21	27	22	\N	\N	\N
f5597464-a273-4d19-9196-aaa10324affc	80503502	MILANES REYES LUIS FELIPE	CARRERA 19 91-17	6161799	N/A	2016-04-27 08:08:25	80503502	11001	23	21	27	22	\N	\N	\N
fac865f2-5f4b-4bb1-92c9-e6df04fde663	900217322	MIX SUPPLIER DE BOGOTA S.A.	CALLE 67 NO 29-49	3111136	N/A	2016-04-27 08:08:25	900217322	11001	23	21	27	22	\N	\N	\N
e72ec542-1261-4cf2-b085-3ef2c1236da3	8300741845	SALUD VIDA EPS	CARRERA 13 40B 41	0	N/A	2016-04-27 08:08:25	8300741845	11001	23	21	27	22	\N	\N	\N
500d46f8-fc2c-412c-98f2-79beb1baae2b	07000108728	1ST INTEGRAL SUPPORT TRAVELER	10880 NW 8TH.ST, PEMBROKE PINE	7627555	N/A	2016-04-27 08:08:25	07000108728	11001	23	21	27	22	\N	\N	\N
a6f7848e-42f1-4d99-8261-7061ed5aa2e9	91283847	PEREA  JORGE E	\N	6912830	N/A	2016-04-27 08:08:25	91283847	11001	23	21	27	22	\N	\N	\N
9957fa3c-4b93-406a-a9ed-1b9699e7fd51	199	QBE SEGUROS S.A.	\N	123	N/A	2016-04-27 08:08:25	199	11001	23	21	27	22	\N	\N	\N
c2b31c80-d42b-4379-bdff-ee6ea1a990ef	201	LYBERTY SEGUROS SOAT	\N	123	N/A	2016-04-27 08:08:25	201	11001	23	21	27	22	\N	\N	\N
1aef78e1-1440-4028-b438-497728861983	266666666	AETNA GLOBAL BENEFITS	TAMPA FL 33630-3548	30545	N/A	2016-04-27 08:08:25	266666666	11001	23	21	27	22	\N	\N	\N
45ba1a2b-ea51-4fd2-a58d-dd5cf75e5e1b	223	LIBERTY SEGUROS DE VIDA S.A.	\N	123	N/A	2016-04-27 08:08:25	223	11001	23	21	27	22	\N	\N	\N
a627e376-1734-44c0-823a-2cd07e065fa7	241	COLSANITAS - ORG SANITAS INTER	\N	123	N/A	2016-04-27 08:08:25	241	11001	23	21	27	22	\N	\N	\N
74175422-3323-4f3a-9692-b80a7e376ee8	242	COLSANITAS - ORG SANITAS INTER	\N	123	N/A	2016-04-27 08:08:25	242	11001	23	21	27	22	\N	\N	\N
bec27d41-b4ee-4826-92c0-d379ca35bd47	220	POSITIVA COMPAÑIA DE SEGUROS A	\N	123	N/A	2016-04-27 08:08:25	220	11001	23	21	27	22	\N	\N	\N
bdc508a6-a3c8-43b6-80bb-66834142b24b	817000248	ASMET SALUD EPS	\N	8312002	N/A	2016-04-27 08:08:25	817000248	11001	23	21	27	22	\N	\N	\N
18c14aaa-a8df-46f0-a335-941c36029a3b	866435548	AXA ASSISTANCE CANADA	CARRERA 65 -81 -28	6446185	N/A	2016-04-27 08:08:25	866435548	11001	23	21	27	22	\N	\N	\N
2bcd423e-e050-4880-b97b-30af0b808765	860002183	AXA SEGUROS DE VIDA COLPATRIA	AVEDINA 15 104-33 PISO 6	6538400	N/A	2016-04-27 08:08:25	860002183	11001	23	21	27	22	\N	\N	\N
94c3ddb6-303f-4807-b1e0-290e23d781f1	900298372	CAPITAL SALUD  EPS S.A.S	CALLE 77 12A -35	4854666	N/A	2016-04-27 08:08:25	900298372	11001	23	21	27	22	\N	\N	\N
28ee478c-2bdf-4eec-aefd-7e4fb56546f3	899999026	CAPRECOM	CARRERA 69 47-34	2943333	N/A	2016-04-27 08:08:25	899999026	11001	23	21	27	22	\N	\N	\N
30910412-1923-4263-b196-4c459b9049c3	900200435	CARDIF COLOMBIA SEGUROS GENERA	CARRERA 7  75 -66	7444040	N/A	2016-04-27 08:08:25	900200435	11001	23	21	27	22	\N	\N	\N
5c7df6a7-1212-4958-9e92-57a9449ff41e	900292264	CELISTICS COLOMBIA S.A.S.	CARRERA 108 NRO 15-25	4040200	N/A	2016-04-27 08:08:25	900292264	11001	23	21	27	22	\N	\N	\N
5ad6ce5a-82df-4a3e-8bbe-791144132e68	860002503	CIA. DE SEGUROS BOLIVAR S.A	CRA 10 NO 16 - 39	3410077	N/A	2016-04-27 08:08:25	860002503	11001	23	21	27	22	\N	\N	\N
7e280eeb-ecad-4069-9dda-136b8e46ebad	333333333	CIGNA INTERNATIONAL EXPATRIATE	590NAAMANS ROAD CLAYMONT DELAW	123	N/A	2016-04-27 08:08:25	333333333	11001	23	21	27	22	\N	\N	\N
ad96268d-fcd9-4236-ae0c-7b3ed5d3c58e	860006606	COMFENALCO EPS	Avenida 30 No. 52 A - 77	2210199	N/A	2016-04-27 08:08:25	860006606	11001	23	21	27	22	\N	\N	\N
8cfcfbb8-f967-41d4-b012-81395d3ad246	900462447	CONSORCIO  SAYP 2011	CARRERA 13 28-17 OFC 601 TORRE	3789440	N/A	2016-04-27 08:08:25	900462447	11001	23	21	27	22	\N	\N	\N
226cdc90-565c-4e1b-8c7f-343c54a03e52	805000427	COOMEVA EPS	Carrera 13 #57-50 Piso 2	3330000	N/A	2016-04-27 08:08:25	805000427	11001	23	21	27	22	\N	\N	\N
5380237c-a5a0-49ff-a145-21614d871a99	830009783	CRUZ BLANCA	Calle 86 A #14-17	6446000	N/A	2016-04-27 08:08:25	830009783	11001	23	21	27	22	\N	\N	\N
e0e933f1-ab68-4ca7-b0a3-9e4ed2060588	800251440	EPS SANITAS	Calle 100 #11B-95	6466080	N/A	2016-04-27 08:08:25	800251440	11001	23	21	27	22	\N	\N	\N
433d594b-a0d9-4146-a789-8adeb7d37821	900263700	EXAMENES Y DIAGNOSTICOS S.A.	CARRERA 19 N. 91-37	6161799	N/A	2016-04-27 08:08:25	900263700	11001	23	21	27	22	\N	\N	\N
40b15888-24ec-40b1-aad5-925f8c88e07a	0	FAMISANAR CRUCE	CARRERA 13 77A 63 PISO 2	6500200	N/A	2016-04-27 08:08:25	0	11001	23	21	27	22	\N	\N	\N
e6946fce-8af8-42b4-bc64-a2d53d3ed35e	830056834	ALTO COMISIONADO DE LAS NACION	CALLE 71 NO. 12-55	5463666	N/A	2016-04-27 08:08:25	830056834	11001	23	21	27	22	\N	\N	\N
\.


--
-- Data for Name: eps_type; Type: TABLE DATA; Schema: public; Owner: postgres
--

COPY eps_type (id, name, description, current) FROM stdin;
23	EPS  Y REGIMENES ESPECIALES	EPS POS	2015-08-19 11:40:09
24	ARP	ARP	2015-08-19 11:41:07
25	PARTICULAR	LAS AMERICAS	2015-08-19 11:41:27
26	OFICINA INTERNACIONAL	OF INTERNACIONAL	2015-08-19 11:42:22
27	POLIZA JUVENILES	POLIZA	2015-08-19 11:43:22
28	AERONAUTICA CIVIL	AERONAUTICA CIVIL	2015-08-24 11:33:27
30	CHEQUEO EJECTIVO EMPRESAS	CHEQUEO EJECTIVO EMPRESAS	2015-08-24 18:40:02
22	PREPAGADAS Y ASEGURADORAS	PREPAGADAS	2015-11-23 12:37:24
29	S.O.A.T.	TARIFA 21 SOAT FOSIGA	2015-11-23 12:37:35
\.
